Last updated on 2024-03-12 07:50:00 CET.
Flavor | Version | Tinstall | Tcheck | Ttotal | Status | Flags |
---|---|---|---|---|---|---|
r-devel-linux-x86_64-debian-clang | 0.4.7 | 7.37 | 82.09 | 89.46 | OK | |
r-devel-linux-x86_64-debian-gcc | 0.4.7 | 6.67 | 65.13 | 71.80 | OK | |
r-devel-linux-x86_64-fedora-clang | 0.4.7 | 112.33 | NOTE | |||
r-devel-linux-x86_64-fedora-gcc | 0.4.7 | 123.86 | OK | |||
r-devel-windows-x86_64 | 0.4.7 | 12.00 | 110.00 | 122.00 | OK | |
r-patched-linux-x86_64 | 0.4.7 | 7.63 | 81.82 | 89.45 | OK | |
r-release-linux-x86_64 | 0.4.7 | 8.73 | 81.50 | 90.23 | OK | |
r-release-macos-arm64 | 0.4.7 | 47.00 | OK | |||
r-release-macos-x86_64 | 0.4.7 | 82.00 | OK | |||
r-release-windows-x86_64 | 0.4.7 | 14.00 | 110.00 | 124.00 | OK | |
r-oldrel-macos-arm64 | 0.4.7 | 41.00 | OK | |||
r-oldrel-windows-x86_64 | 0.4.7 | 13.00 | 121.00 | 134.00 | OK |
Version: 0.4.7
Check: Rd cross-references
Result: NOTE
Undeclared package ‘sfheaders’ in Rd xrefs
Flavor: r-devel-linux-x86_64-fedora-clang