Last updated on 2024-03-12 07:50:00 CET.
Flavor | Version | Tinstall | Tcheck | Ttotal | Status | Flags |
---|---|---|---|---|---|---|
r-devel-linux-x86_64-debian-clang | 1.5 | 3.64 | 22.19 | 25.83 | WARN | |
r-devel-linux-x86_64-debian-gcc | 1.5 | 2.71 | 17.60 | 20.31 | OK | |
r-devel-linux-x86_64-fedora-clang | 1.5 | 33.21 | OK | |||
r-devel-linux-x86_64-fedora-gcc | 1.5 | 31.27 | OK | |||
r-devel-windows-x86_64 | 1.5 | 9.00 | 41.00 | 50.00 | OK | |
r-patched-linux-x86_64 | 1.5 | 3.24 | 22.24 | 25.48 | OK | |
r-release-linux-x86_64 | 1.5 | 3.27 | 22.32 | 25.59 | OK | |
r-release-macos-arm64 | 1.5 | 19.00 | OK | |||
r-release-macos-x86_64 | 1.5 | 30.00 | OK | |||
r-release-windows-x86_64 | 1.5 | 8.00 | 41.00 | 49.00 | OK | |
r-oldrel-macos-arm64 | 1.5 | 27.00 | OK | |||
r-oldrel-windows-x86_64 | 1.5 | 10.00 | 44.00 | 54.00 | OK |
Version: 1.5
Check: whether package can be installed
Result: WARN
Found the following significant warnings:
flang-new: warning: argument unused during compilation: '-Wall' [-Wunused-command-line-argument]
See ‘/home/hornik/tmp/R.check/r-devel-clang/Work/PKGS/nnls.Rcheck/00install.out’ for details.
* used C compiler: ‘Debian clang version 18.1.0 (rc4-1)’
* used Fortran compiler: ‘Debian flang-new version 18.1.0 (rc4-1)’
Flavor: r-devel-linux-x86_64-debian-clang