Last updated on 2024-04-23 08:58:09 CEST.
Flavor | Version | Tinstall | Tcheck | Ttotal | Status | Flags |
---|---|---|---|---|---|---|
r-devel-linux-x86_64-debian-clang | 0.4.7 | 6.65 | 69.10 | 75.75 | OK | |
r-devel-linux-x86_64-debian-gcc | 0.4.7 | 4.82 | 53.15 | 57.97 | OK | |
r-devel-linux-x86_64-fedora-clang | 0.4.7 | 101.35 | OK | |||
r-devel-linux-x86_64-fedora-gcc | 0.4.7 | 110.15 | OK | |||
r-prerel-macos-arm64 | 0.4.7 | 44.00 | ERROR | |||
r-prerel-windows-x86_64 | 0.4.7 | 8.00 | 72.00 | 80.00 | OK | |
r-patched-linux-x86_64 | 0.4.7 | 7.25 | 68.61 | 75.86 | OK | |
r-release-linux-x86_64 | 0.4.7 | 7.56 | 64.99 | 72.55 | OK | |
r-release-macos-arm64 | 0.4.7 | 38.00 | OK | |||
r-release-macos-x86_64 | 0.4.7 | 62.00 | OK | |||
r-release-windows-x86_64 | 0.4.7 | 9.00 | 81.00 | 90.00 | OK | |
r-oldrel-macos-arm64 | 0.4.7 | 37.00 | OK | |||
r-oldrel-windows-x86_64 | 0.4.7 | 9.00 | 80.00 | 89.00 | OK |
Version: 0.4.7
Check: re-building of vignette outputs
Result: ERROR
Error(s) in re-building vignettes:
...
--- re-building ‘introduction.Rmd’ using rmarkdown
Quitting from lines 41-45 [specific-dataset] (introduction.Rmd)
Error: processing vignette 'introduction.Rmd' failed with diagnostics:
Timeout was reached: [www.nomisweb.co.uk] SSL connection timeout
--- failed re-building ‘introduction.Rmd’
SUMMARY: processing the following file failed:
‘introduction.Rmd’
Error: Vignette re-building failed.
Execution halted
Flavor: r-prerel-macos-arm64