Last updated on 2024-08-31 08:48:18 CEST.
Flavor | Version | Tinstall | Tcheck | Ttotal | Status | Flags |
---|---|---|---|---|---|---|
r-devel-linux-x86_64-debian-clang | 0.60-17 | 50.74 | 374.58 | 425.32 | NOTE | |
r-devel-linux-x86_64-debian-gcc | 0.60-17 | 38.13 | 250.40 | 288.53 | NOTE | |
r-devel-linux-x86_64-fedora-clang | 0.60-17 | 680.28 | OK | |||
r-devel-linux-x86_64-fedora-gcc | 0.60-17 | 686.43 | OK | |||
r-devel-windows-x86_64 | 0.60-17 | 59.00 | 143.00 | 202.00 | NOTE | --no-examples --no-tests --no-vignettes |
r-patched-linux-x86_64 | 0.60-17 | 66.58 | 353.79 | 420.37 | OK | |
r-release-linux-x86_64 | 0.60-17 | 54.81 | 352.02 | 406.83 | OK | |
r-release-macos-arm64 | 0.60-17 | 171.00 | OK | |||
r-release-macos-x86_64 | 0.60-17 | 316.00 | OK | |||
r-release-windows-x86_64 | 0.60-17 | 65.00 | 157.00 | 222.00 | OK | --no-examples --no-tests --no-vignettes |
r-oldrel-macos-arm64 | 0.60-17 | 290.00 | OK | |||
r-oldrel-macos-x86_64 | 0.60-17 | 560.00 | OK | |||
r-oldrel-windows-x86_64 | 0.60-17 | 75.00 | 141.00 | 216.00 | OK | --no-examples --no-tests --no-vignettes |
Version: 0.60-17
Check: Rd cross-references
Result: NOTE
Found the following Rd file(s) with Rd \link{} targets missing package
anchors:
b.star.Rd: boot
np.deptest.Rd: cubature, adaptIntegrate
np.sdeptest.Rd: cubature, adaptIntegrate
np.symtest.Rd: boot
Please provide package anchors for all Rd \link{} targets not in the
package itself and the base packages.
Flavors: r-devel-linux-x86_64-debian-clang, r-devel-linux-x86_64-debian-gcc
Version: 0.60-17
Flags: --no-examples --no-tests --no-vignettes
Check: Rd cross-references
Result: NOTE
Found the following Rd file(s) with Rd \link{} targets missing package
anchors:
b.star.Rd: boot
np.deptest.Rd: cubature, adaptIntegrate
np.sdeptest.Rd: cubature, adaptIntegrate
np.symtest.Rd: boot
Please provide package anchors for all Rd \link{} targets not in the
package itself and the base packages.
Flavor: r-devel-windows-x86_64