CRAN Package Check Results for Package np

Last updated on 2021-06-17 09:51:53 CEST.

Flavor Version Tinstall Tcheck Ttotal Status Flags
r-devel-linux-x86_64-debian-clang 0.60-11 62.14 469.74 531.88 OK
r-devel-linux-x86_64-debian-gcc 0.60-11 45.35 342.04 387.39 OK
r-devel-linux-x86_64-fedora-clang 0.60-11 658.74 NOTE
r-devel-linux-x86_64-fedora-gcc 0.60-11 660.94 OK
r-devel-windows-x86_64 0.60-11 83.00 135.00 218.00 OK --no-examples --no-tests --no-vignettes
r-devel-windows-x86_64-gcc10-UCRT 0.60-10 OK
r-patched-linux-x86_64 0.60-10 57.23 454.88 512.11 OK
r-patched-solaris-x86 0.60-11 940.60 OK
r-release-linux-x86_64 0.60-11 57.12 454.51 511.63 OK
r-release-macos-arm64 0.60-10 OK
r-release-macos-x86_64 0.60-11 OK
r-release-windows-ix86+x86_64 0.60-10 129.00 157.00 286.00 OK --no-examples --no-tests --no-vignettes
r-oldrel-macos-x86_64 0.60-11 OK
r-oldrel-windows-ix86+x86_64 0.60-10 91.00 197.00 288.00 OK --no-examples --no-tests --no-vignettes

Additional issues

clang-UBSAN

Check Details

Version: 0.60-11
Check: Rd cross-references
Result: NOTE
    Undeclared packages ‘logspline’, ‘ks’ in Rd xrefs
Flavor: r-devel-linux-x86_64-fedora-clang