CRAN Package Check Results for Package nproc

Last updated on 2024-06-12 08:56:08 CEST.

Flavor Version Tinstall Tcheck Ttotal Status Flags
r-devel-linux-x86_64-debian-clang 2.1.5 10.85 133.88 144.73 NOTE
r-devel-linux-x86_64-debian-gcc 2.1.5 7.15 94.14 101.29 NOTE
r-devel-linux-x86_64-fedora-clang 2.1.5 189.47 NOTE
r-devel-linux-x86_64-fedora-gcc 2.1.5 186.62 NOTE
r-devel-windows-x86_64 2.1.5 8.00 121.00 129.00 NOTE
r-patched-linux-x86_64 2.1.5 10.00 135.39 145.39 NOTE
r-release-linux-x86_64 2.1.5 8.59 136.94 145.53 NOTE
r-release-macos-arm64 2.1.5 54.00 NOTE
r-release-macos-x86_64 2.1.5 82.00 NOTE
r-release-windows-x86_64 2.1.5 8.00 124.00 132.00 NOTE
r-oldrel-macos-arm64 2.1.5 59.00 NOTE
r-oldrel-macos-x86_64 2.1.5 92.00 NOTE
r-oldrel-windows-x86_64 2.1.5 11.00 136.00 147.00 NOTE

Check Details

Version: 2.1.5
Check: LazyData
Result: NOTE 'LazyData' is specified without a 'data' directory Flavors: r-devel-linux-x86_64-debian-clang, r-devel-linux-x86_64-debian-gcc, r-devel-linux-x86_64-fedora-clang, r-devel-linux-x86_64-fedora-gcc, r-devel-windows-x86_64, r-patched-linux-x86_64, r-release-linux-x86_64, r-release-macos-arm64, r-release-macos-x86_64, r-release-windows-x86_64, r-oldrel-macos-arm64, r-oldrel-macos-x86_64, r-oldrel-windows-x86_64