CRAN Package Check Results for Package npsf

Last updated on 2021-07-25 08:51:04 CEST.

Flavor Version Tinstall Tcheck Ttotal Status Flags
r-devel-linux-x86_64-debian-clang 0.8.0 33.78 81.05 114.83 OK
r-devel-linux-x86_64-debian-gcc 0.8.0 23.01 60.55 83.56 OK
r-devel-linux-x86_64-fedora-clang 0.8.0 150.11 OK
r-devel-linux-x86_64-fedora-gcc 0.8.0 134.64 OK
r-devel-windows-x86_64 0.8.0 32.00 79.00 111.00 OK
r-devel-windows-x86_64-gcc10-UCRT 0.8.0 OK
r-patched-linux-x86_64 0.8.0 28.82 78.83 107.65 OK
r-patched-solaris-x86 0.8.0 149.50 OK
r-release-linux-x86_64 0.8.0 25.33 78.42 103.75 OK
r-release-macos-arm64 0.8.0 NOTE
r-release-macos-x86_64 0.8.0 NOTE
r-release-windows-ix86+x86_64 0.8.0 67.00 92.00 159.00 OK
r-oldrel-macos-x86_64 0.8.0 NOTE
r-oldrel-windows-ix86+x86_64 0.8.0 68.00 86.00 154.00 OK

Check Details

Version: 0.8.0
Check: package dependencies
Result: NOTE
    Package suggested but not available for checking: ‘Rmpi’
Flavors: r-release-macos-arm64, r-release-macos-x86_64, r-oldrel-macos-x86_64