CRAN Package Check Results for Package nscancor

Last updated on 2021-05-14 09:51:00 CEST.

Flavor Version Tinstall Tcheck Ttotal Status Flags
r-devel-linux-x86_64-debian-clang 0.6.1-25 2.53 34.44 36.97 OK
r-devel-linux-x86_64-debian-gcc 0.6.1-25 1.90 26.25 28.15 OK
r-devel-linux-x86_64-fedora-clang 0.6.1-25 54.29 OK
r-devel-linux-x86_64-fedora-gcc 0.6.1-25 41.72 OK
r-devel-windows-ix86+x86_64 0.6.1-25 6.00 40.00 46.00 OK
r-devel-windows-x86_64-gcc10-UCRT 0.6.1-25 OK
r-patched-linux-x86_64 0.6.1-25 1.98 32.39 34.37 OK
r-patched-solaris-x86 0.6.1-25 60.80 OK
r-release-linux-x86_64 0.6.1-25 2.10 33.33 35.43 OK
r-release-macos-x86_64 0.6.1-25 OK
r-release-windows-ix86+x86_64 0.6.1-25 5.00 64.00 69.00 OK
r-oldrel-macos-x86_64 0.6.1-25 NOTE
r-oldrel-windows-ix86+x86_64 0.6.1-25 4.00 49.00 53.00 OK

Check Details

Version: 0.6.1-25
Check: package dependencies
Result: NOTE
    Package suggested but not available for checking: ‘PMA’
Flavor: r-oldrel-macos-x86_64