Last updated on 2024-08-31 08:48:18 CEST.
Flavor | Version | Tinstall | Tcheck | Ttotal | Status | Flags |
---|---|---|---|---|---|---|
r-devel-linux-x86_64-debian-clang | 1.0.1 | 2.06 | 19.85 | 21.91 | OK | |
r-devel-linux-x86_64-debian-gcc | 1.0.1 | 1.61 | 16.63 | 18.24 | OK | |
r-devel-linux-x86_64-fedora-clang | 1.0.1 | 34.81 | NOTE | |||
r-devel-linux-x86_64-fedora-gcc | 1.0.1 | 33.56 | NOTE | |||
r-devel-windows-x86_64 | 1.0.1 | 4.00 | 42.00 | 46.00 | OK | |
r-patched-linux-x86_64 | 1.0.1 | 1.82 | 18.94 | 20.76 | OK | |
r-release-linux-x86_64 | 1.0.1 | 1.84 | 18.96 | 20.80 | OK | |
r-release-macos-arm64 | 1.0.1 | 16.00 | OK | |||
r-release-macos-x86_64 | 1.0.1 | 24.00 | OK | |||
r-release-windows-x86_64 | 1.0.1 | 7.00 | 46.00 | 53.00 | OK | |
r-oldrel-macos-arm64 | 1.0.1 | 18.00 | OK | |||
r-oldrel-macos-x86_64 | 1.0.1 | 22.00 | OK | |||
r-oldrel-windows-x86_64 | 1.0.1 | 5.00 | 43.00 | 48.00 | OK |
Version: 1.0.1
Check: data for non-ASCII characters
Result: NOTE
Note: found 1 marked UTF-8 string
Flavors: r-devel-linux-x86_64-fedora-clang, r-devel-linux-x86_64-fedora-gcc