CRAN Package Check Results for Package nsyllable

Last updated on 2024-05-28 08:54:41 CEST.

Flavor Version Tinstall Tcheck Ttotal Status Flags
r-devel-linux-x86_64-debian-clang 1.0.1 2.46 25.13 27.59 OK
r-devel-linux-x86_64-debian-gcc 1.0.1 2.12 19.35 21.47 OK
r-devel-linux-x86_64-fedora-clang 1.0.1 36.34 NOTE
r-devel-linux-x86_64-fedora-gcc 1.0.1 33.60 NOTE
r-devel-windows-x86_64 1.0.1 5.00 41.00 46.00 OK
r-patched-linux-x86_64 1.0.1 2.28 23.63 25.91 OK
r-release-linux-x86_64 1.0.1 1.92 23.11 25.03 OK
r-release-macos-arm64 1.0.1 16.00 OK
r-release-windows-x86_64 1.0.1 4.00 42.00 46.00 OK
r-oldrel-macos-arm64 1.0.1 18.00 OK
r-oldrel-macos-x86_64 1.0.1 22.00 OK
r-oldrel-windows-x86_64 1.0.1 4.00 46.00 50.00 OK

Check Details

Version: 1.0.1
Check: data for non-ASCII characters
Result: NOTE Note: found 1 marked UTF-8 string Flavors: r-devel-linux-x86_64-fedora-clang, r-devel-linux-x86_64-fedora-gcc