CRAN Package Check Results for Package observer

Last updated on 2024-06-12 08:56:08 CEST.

Flavor Version Tinstall Tcheck Ttotal Status Flags
r-devel-linux-x86_64-debian-clang 0.1.2 4.41 52.87 57.28 NOTE
r-devel-linux-x86_64-debian-gcc 0.1.2 3.79 40.07 43.86 NOTE
r-devel-linux-x86_64-fedora-clang 0.1.2 75.91 NOTE
r-devel-linux-x86_64-fedora-gcc 0.1.2 84.70 NOTE
r-devel-windows-x86_64 0.1.2 6.00 57.00 63.00 NOTE
r-patched-linux-x86_64 0.1.2 4.68 50.54 55.22 NOTE
r-release-linux-x86_64 0.1.2 3.76 51.16 54.92 NOTE
r-release-macos-arm64 0.1.2 30.00 NOTE
r-release-macos-x86_64 0.1.2 45.00 NOTE
r-release-windows-x86_64 0.1.2 6.00 59.00 65.00 NOTE
r-oldrel-macos-arm64 0.1.2 32.00 NOTE
r-oldrel-macos-x86_64 0.1.2 48.00 NOTE
r-oldrel-windows-x86_64 0.1.2 7.00 61.00 68.00 NOTE

Check Details

Version: 0.1.2
Check: Rd cross-references
Result: NOTE Unknown package ‘ensurer’ in Rd xrefs Flavors: r-devel-linux-x86_64-debian-clang, r-devel-linux-x86_64-debian-gcc, r-devel-linux-x86_64-fedora-gcc, r-patched-linux-x86_64, r-release-linux-x86_64

Version: 0.1.2
Check: LazyData
Result: NOTE 'LazyData' is specified without a 'data' directory Flavors: r-devel-linux-x86_64-debian-clang, r-devel-linux-x86_64-debian-gcc, r-devel-linux-x86_64-fedora-clang, r-devel-linux-x86_64-fedora-gcc, r-devel-windows-x86_64, r-patched-linux-x86_64, r-release-linux-x86_64, r-release-macos-arm64, r-release-macos-x86_64, r-release-windows-x86_64, r-oldrel-macos-arm64, r-oldrel-macos-x86_64, r-oldrel-windows-x86_64

Version: 0.1.2
Check: Rd cross-references
Result: NOTE Undeclared packages ‘ensurer’, ‘validate’ in Rd xrefs Unknown package ‘ensurer’ in Rd xrefs Flavor: r-devel-linux-x86_64-fedora-clang