CRAN Package Check Results for Package occCite

Last updated on 2021-05-14 09:51:00 CEST.

Flavor Version Tinstall Tcheck Ttotal Status Flags
r-devel-linux-x86_64-debian-clang 0.4.7 9.29 123.90 133.19 ERROR
r-devel-linux-x86_64-debian-gcc 0.4.7 7.96 92.73 100.69 ERROR
r-devel-linux-x86_64-fedora-clang 0.4.7 175.86 ERROR
r-devel-linux-x86_64-fedora-gcc 0.4.7 166.21 ERROR
r-devel-windows-ix86+x86_64 0.4.7 27.00 150.00 177.00 ERROR
r-devel-windows-x86_64-gcc10-UCRT 0.4.7 ERROR
r-patched-linux-x86_64 0.4.7 15.07 116.22 131.29 ERROR
r-patched-solaris-x86 0.4.7 207.70 ERROR
r-release-linux-x86_64 0.4.7 9.29 114.28 123.57 ERROR
r-release-macos-x86_64 0.4.7 NOTE
r-release-windows-ix86+x86_64 0.4.7 17.00 212.00 229.00 ERROR
r-oldrel-macos-x86_64 0.4.7 NOTE
r-oldrel-windows-ix86+x86_64 0.4.7 17.00 185.00 202.00 OK

Additional issues

M1mac

Check Details

Version: 0.4.7
Check: tests
Result: ERROR
     Running 'testthat.R' [9s/24s]
    Running the tests in 'tests/testthat.R' failed.
    Complete output:
     > library(testthat)
     > library(occCite)
     >
     > test_check("occCite")
     == Skipped tests ===============================================================
     * GBIF Login information not available (1)
     * On CRAN (14)
    
     == Failed tests ================================================================
     -- Error (test-occCitation.R:68:3): outputs for BIEN results are as expected ---
     Error: arguments imply differing number of rows: 5, 4
     Backtrace:
     x
     1. \-occCite::occCitation(myOccCiteObject) test-occCitation.R:68:2
     2. \-base::data.frame(...)
    
     [ FAIL 1 | WARN 0 | SKIP 15 | PASS 181 ]
     Error: Test failures
     Execution halted
Flavor: r-devel-linux-x86_64-debian-clang

Version: 0.4.7
Check: tests
Result: ERROR
     Running ‘testthat.R’ [7s/23s]
    Running the tests in ‘tests/testthat.R’ failed.
    Complete output:
     > library(testthat)
     > library(occCite)
     >
     > test_check("occCite")
     ══ Skipped tests ═══════════════════════════════════════════════════════════════
     • GBIF Login information not available (1)
     • On CRAN (14)
    
     ══ Failed tests ════════════════════════════════════════════════════════════════
     ── Error (test-occCitation.R:68:3): outputs for BIEN results are as expected ───
     Error: arguments imply differing number of rows: 5, 4
     Backtrace:
     █
     1. └─occCite::occCitation(myOccCiteObject) test-occCitation.R:68:2
     2. └─base::data.frame(...)
    
     [ FAIL 1 | WARN 0 | SKIP 15 | PASS 181 ]
     Error: Test failures
     Execution halted
Flavor: r-devel-linux-x86_64-debian-gcc

Version: 0.4.7
Check: dependencies in R code
Result: NOTE
    Namespace in Imports field not imported from: ‘bit64’
     All declared Imports should be used.
Flavors: r-devel-linux-x86_64-fedora-clang, r-devel-linux-x86_64-fedora-gcc, r-devel-windows-x86_64-gcc10-UCRT, r-patched-solaris-x86, r-release-macos-x86_64, r-oldrel-macos-x86_64

Version: 0.4.7
Check: data for non-ASCII characters
Result: NOTE
     Note: found 6 marked UTF-8 strings
Flavors: r-devel-linux-x86_64-fedora-clang, r-devel-linux-x86_64-fedora-gcc, r-patched-solaris-x86, r-release-macos-x86_64, r-oldrel-macos-x86_64

Version: 0.4.7
Check: tests
Result: ERROR
     Running ‘testthat.R’ [11s/52s]
    Running the tests in ‘tests/testthat.R’ failed.
    Complete output:
     > library(testthat)
     > library(occCite)
     >
     > test_check("occCite")
     ══ Skipped tests ═══════════════════════════════════════════════════════════════
     • GBIF Login information not available (1)
     • On CRAN (14)
    
     ══ Failed tests ════════════════════════════════════════════════════════════════
     ── Error (test-occCitation.R:68:3): outputs for BIEN results are as expected ───
     Error: arguments imply differing number of rows: 5, 4
     Backtrace:
     █
     1. └─occCite::occCitation(myOccCiteObject) test-occCitation.R:68:2
     2. └─base::data.frame(...)
    
     [ FAIL 1 | WARN 0 | SKIP 15 | PASS 181 ]
     Error: Test failures
     Execution halted
Flavor: r-devel-linux-x86_64-fedora-clang

Version: 0.4.7
Check: tests
Result: ERROR
     Running ‘testthat.R’ [12s/70s]
    Running the tests in ‘tests/testthat.R’ failed.
    Complete output:
     > library(testthat)
     > library(occCite)
     >
     > test_check("occCite")
     ══ Skipped tests ═══════════════════════════════════════════════════════════════
     • GBIF Login information not available (1)
     • On CRAN (14)
    
     ══ Failed tests ════════════════════════════════════════════════════════════════
     ── Error (test-occCitation.R:68:3): outputs for BIEN results are as expected ───
     Error: arguments imply differing number of rows: 5, 4
     Backtrace:
     █
     1. └─occCite::occCitation(myOccCiteObject) test-occCitation.R:68:2
     2. └─base::data.frame(...)
    
     [ FAIL 1 | WARN 0 | SKIP 15 | PASS 181 ]
     Error: Test failures
     Execution halted
Flavor: r-devel-linux-x86_64-fedora-gcc

Version: 0.4.7
Check: tests
Result: ERROR
     Running 'testthat.R' [18s]
    Running the tests in 'tests/testthat.R' failed.
    Complete output:
     > library(testthat)
     > library(occCite)
     >
     > test_check("occCite")
     == Skipped tests ===============================================================
     * GBIF Login information not available (1)
     * On CRAN (14)
    
     == Failed tests ================================================================
     -- Error (test-occCitation.R:68:3): outputs for BIEN results are as expected ---
     Error: arguments imply differing number of rows: 5, 4
     Backtrace:
     x
     1. \-occCite::occCitation(myOccCiteObject) test-occCitation.R:68:2
     2. \-base::data.frame(...)
    
     [ FAIL 1 | WARN 0 | SKIP 15 | PASS 181 ]
     Error: Test failures
     Execution halted
Flavor: r-devel-windows-ix86+x86_64

Version: 0.4.7
Check: data for non-ASCII characters
Result: NOTE
     Note: found 6 marked Latin-1 strings
Flavor: r-devel-windows-x86_64-gcc10-UCRT

Version: 0.4.7
Check: tests
Result: ERROR
     Running 'testthat.R'
    Running the tests in 'tests/testthat.R' failed.
    Last 13 lines of output:
     == Skipped tests ===============================================================
     * GBIF Login information not available (1)
     * On CRAN (14)
    
     == Failed tests ================================================================
     -- Error (test-occCitation.R:68:3): outputs for BIEN results are as expected ---
     Error: arguments imply differing number of rows: 5, 4
     Backtrace:
     x
     1. \-occCite::occCitation(myOccCiteObject) test-occCitation.R:68:2
     2. \-base::data.frame(...)
    
     [ FAIL 1 | WARN 0 | SKIP 15 | PASS 181 ]
     Error: Test failures
     Execution halted
Flavor: r-devel-windows-x86_64-gcc10-UCRT

Version: 0.4.7
Check: tests
Result: ERROR
     Running ‘testthat.R’ [9s/23s]
    Running the tests in ‘tests/testthat.R’ failed.
    Complete output:
     > library(testthat)
     > library(occCite)
     >
     > test_check("occCite")
     ══ Skipped tests ═══════════════════════════════════════════════════════════════
     • GBIF Login information not available (1)
     • On CRAN (14)
    
     ══ Failed tests ════════════════════════════════════════════════════════════════
     ── Error (test-occCitation.R:68:3): outputs for BIEN results are as expected ───
     Error: arguments imply differing number of rows: 5, 4
     Backtrace:
     █
     1. └─occCite::occCitation(myOccCiteObject) test-occCitation.R:68:2
     2. └─base::data.frame(...)
    
     [ FAIL 1 | WARN 0 | SKIP 15 | PASS 181 ]
     Error: Test failures
     Execution halted
Flavor: r-patched-linux-x86_64

Version: 0.4.7
Check: tests
Result: ERROR
     Running ‘testthat.R’ [13s/50s]
    Running the tests in ‘tests/testthat.R’ failed.
    Complete output:
     > library(testthat)
     > library(occCite)
     >
     > test_check("occCite")
     ══ Skipped tests ═══════════════════════════════════════════════════════════════
     • GBIF Login information not available (1)
     • On CRAN (14)
    
     ══ Failed tests ════════════════════════════════════════════════════════════════
     ── Error (test-occCitation.R:68:3): outputs for BIEN results are as expected ───
     Error: arguments imply differing number of rows: 5, 4
     Backtrace:
     █
     1. └─occCite::occCitation(myOccCiteObject) test-occCitation.R:68:2
     2. └─base::data.frame(...)
    
     [ FAIL 1 | WARN 0 | SKIP 15 | PASS 181 ]
     Error: Test failures
     Execution halted
Flavor: r-patched-solaris-x86

Version: 0.4.7
Check: tests
Result: ERROR
     Running ‘testthat.R’ [9s/24s]
    Running the tests in ‘tests/testthat.R’ failed.
    Complete output:
     > library(testthat)
     > library(occCite)
     >
     > test_check("occCite")
     ══ Skipped tests ═══════════════════════════════════════════════════════════════
     • GBIF Login information not available (1)
     • On CRAN (14)
    
     ══ Failed tests ════════════════════════════════════════════════════════════════
     ── Error (test-occCitation.R:68:3): outputs for BIEN results are as expected ───
     Error: arguments imply differing number of rows: 5, 4
     Backtrace:
     █
     1. └─occCite::occCitation(myOccCiteObject) test-occCitation.R:68:2
     2. └─base::data.frame(...)
    
     [ FAIL 1 | WARN 0 | SKIP 15 | PASS 181 ]
     Error: Test failures
     Execution halted
Flavor: r-release-linux-x86_64

Version: 0.4.7
Check: tests
Result: ERROR
     Running 'testthat.R' [24s]
    Running the tests in 'tests/testthat.R' failed.
    Complete output:
     > library(testthat)
     > library(occCite)
     >
     > test_check("occCite")
     == Skipped tests ===============================================================
     * GBIF Login information not available (1)
     * On CRAN (14)
    
     == Failed tests ================================================================
     -- Error (test-occCitation.R:68:3): outputs for BIEN results are as expected ---
     Error: arguments imply differing number of rows: 5, 4
     Backtrace:
     x
     1. \-occCite::occCitation(myOccCiteObject) test-occCitation.R:68:2
     2. \-base::data.frame(...)
    
     [ FAIL 1 | WARN 0 | SKIP 15 | PASS 181 ]
     Error: Test failures
     Execution halted
Flavor: r-release-windows-ix86+x86_64