Last updated on 2024-04-18 08:54:38 CEST.
Flavor | Version | Tinstall | Tcheck | Ttotal | Status | Flags |
---|---|---|---|---|---|---|
r-devel-linux-x86_64-debian-clang | 0.1.6 | 42.38 | 450.11 | 492.49 | OK | |
r-devel-linux-x86_64-debian-gcc | 0.1.6 | 34.60 | 309.90 | 344.50 | OK | |
r-devel-linux-x86_64-fedora-clang | 0.1.6 | 589.17 | NOTE | |||
r-devel-linux-x86_64-fedora-gcc | 0.1.6 | 555.46 | OK | |||
r-prerel-macos-arm64 | 0.1.6 | 130.00 | NOTE | |||
r-prerel-windows-x86_64 | 0.1.6 | 36.00 | 275.00 | 311.00 | NOTE | |
r-patched-linux-x86_64 | 0.1.6 | 51.35 | 414.27 | 465.62 | OK | |
r-release-linux-x86_64 | 0.1.6 | 29.81 | 408.42 | 438.23 | OK | |
r-release-macos-arm64 | 0.1.6 | 132.00 | NOTE | |||
r-release-macos-x86_64 | 0.1.6 | 312.00 | NOTE | |||
r-release-windows-x86_64 | 0.1.6 | 53.00 | 378.00 | 431.00 | NOTE | |
r-oldrel-macos-arm64 | 0.1.6 | 138.00 | NOTE | |||
r-oldrel-windows-x86_64 | 0.1.6 | 51.00 | 370.00 | 421.00 | NOTE |
Version: 0.1.6
Check: installed package size
Result: NOTE
installed size is 6.2Mb
sub-directories of 1Mb or more:
R 1.5Mb
test_files 4.2Mb
Flavors: r-devel-linux-x86_64-fedora-clang, r-prerel-macos-arm64, r-prerel-windows-x86_64, r-release-macos-arm64, r-release-macos-x86_64, r-release-windows-x86_64, r-oldrel-macos-arm64, r-oldrel-windows-x86_64