Last updated on 2024-04-25 08:00:00 CEST.
Flavor | Version | Tinstall | Tcheck | Ttotal | Status | Flags |
---|---|---|---|---|---|---|
r-devel-linux-x86_64-debian-clang | 0.1.1 | 3.40 | 216.31 | 219.71 | NOTE | |
r-devel-linux-x86_64-debian-gcc | 0.1.1 | 3.23 | 146.26 | 149.49 | NOTE | |
r-devel-linux-x86_64-fedora-clang | 0.1.1 | 254.54 | NOTE | |||
r-devel-linux-x86_64-fedora-gcc | 0.1.1 | 257.71 | NOTE | |||
r-devel-windows-x86_64 | 0.1.1 | 4.00 | 150.00 | 154.00 | NOTE | |
r-patched-linux-x86_64 | 0.1.1 | 4.38 | 203.40 | 207.78 | NOTE | |
r-release-linux-x86_64 | 0.1.1 | 3.70 | 204.00 | 207.70 | OK | |
r-release-macos-arm64 | 0.1.1 | 61.00 | NOTE | |||
r-release-windows-x86_64 | 0.1.1 | 4.00 | 148.00 | 152.00 | NOTE | |
r-oldrel-macos-arm64 | 0.1.1 | 64.00 | OK | |||
r-oldrel-macos-x86_64 | 0.1.1 | 119.00 | OK | |||
r-oldrel-windows-x86_64 | 0.1.1 | 5.00 | 186.00 | 191.00 | OK |
Version: 0.1.1
Check: Rd files
Result: NOTE
checkRd: (-1) onlineCPD.Rd:35: Lost braces
35 | function(x, lambda){const_hazard(x, lambda=100)}
| ^
Flavors: r-devel-linux-x86_64-debian-clang, r-devel-linux-x86_64-debian-gcc, r-devel-linux-x86_64-fedora-clang, r-devel-linux-x86_64-fedora-gcc, r-devel-windows-x86_64, r-patched-linux-x86_64, r-release-macos-arm64, r-release-windows-x86_64