CRAN Package Check Results for Package oddstream

Last updated on 2021-03-06 07:53:25 CET.

Flavor Version Tinstall Tcheck Ttotal Status Flags
r-devel-linux-x86_64-debian-clang 0.5.0 15.04 113.11 128.15 OK
r-devel-linux-x86_64-debian-gcc 0.5.0 11.72 84.08 95.80 OK
r-devel-linux-x86_64-fedora-clang 0.5.0 161.73 NOTE
r-devel-linux-x86_64-fedora-gcc 0.5.0 146.38 NOTE
r-devel-windows-ix86+x86_64 0.5.0 32.00 124.00 156.00 OK
r-patched-linux-x86_64 0.5.0 OK
r-patched-solaris-x86 0.5.0 215.90 NOTE
r-release-linux-x86_64 0.5.0 14.31 103.85 118.16 OK
r-release-macos-x86_64 0.5.0 NOTE
r-release-windows-ix86+x86_64 0.5.0 21.00 100.00 121.00 OK
r-oldrel-macos-x86_64 0.5.0 NOTE
r-oldrel-windows-ix86+x86_64 0.5.0 20.00 85.00 105.00 OK

Check Details

Version: 0.5.0
Check: dependencies in R code
Result: NOTE
    Namespaces in Imports field not imported from:
     ‘RColorBrewer’ ‘graphics’
     All declared Imports should be used.
Flavors: r-devel-linux-x86_64-fedora-clang, r-devel-linux-x86_64-fedora-gcc, r-patched-solaris-x86, r-release-macos-x86_64, r-oldrel-macos-x86_64