CRAN Package Check Results for Package ohoegdm

Last updated on 2024-05-20 08:49:04 CEST.

Flavor Version Tinstall Tcheck Ttotal Status Flags
r-devel-linux-x86_64-debian-clang 0.1.0 47.29 30.17 77.46 NOTE
r-devel-linux-x86_64-debian-gcc 0.1.0 37.60 23.05 60.65 NOTE
r-devel-linux-x86_64-fedora-clang 0.1.0 103.92 NOTE
r-devel-linux-x86_64-fedora-gcc 0.1.0 156.31 NOTE
r-devel-windows-x86_64 0.1.0 36.00 66.00 102.00 NOTE
r-patched-linux-x86_64 0.1.0 45.54 28.51 74.05 NOTE
r-release-linux-x86_64 0.1.0 45.95 28.56 74.51 NOTE
r-release-macos-arm64 0.1.0 29.00 NOTE
r-release-windows-x86_64 0.1.0 36.00 63.00 99.00 NOTE
r-oldrel-macos-arm64 0.1.0 30.00 NOTE
r-oldrel-macos-x86_64 0.1.0 49.00 NOTE
r-oldrel-windows-x86_64 0.1.0 46.00 73.00 119.00 NOTE

Check Details

Version: 0.1.0
Check: C++ specification
Result: NOTE Specified C++11: please drop specification unless essential Flavors: r-devel-linux-x86_64-debian-clang, r-devel-linux-x86_64-debian-gcc, r-devel-linux-x86_64-fedora-clang, r-devel-linux-x86_64-fedora-gcc, r-devel-windows-x86_64, r-patched-linux-x86_64, r-release-linux-x86_64, r-release-macos-arm64, r-release-windows-x86_64, r-oldrel-macos-arm64, r-oldrel-macos-x86_64, r-oldrel-windows-x86_64