Last updated on 2024-05-02 08:57:50 CEST.
Flavor | Version | Tinstall | Tcheck | Ttotal | Status | Flags |
---|---|---|---|---|---|---|
r-devel-linux-x86_64-debian-clang | 0.2.2 | 4.32 | 97.42 | 101.74 | OK | |
r-devel-linux-x86_64-debian-gcc | 0.2.2 | 4.51 | 72.18 | 76.69 | OK | |
r-devel-linux-x86_64-fedora-clang | 0.2.2 | 121.63 | NOTE | |||
r-devel-linux-x86_64-fedora-gcc | 0.2.2 | 135.20 | NOTE | |||
r-devel-windows-x86_64 | 0.2.2 | 6.00 | 90.00 | 96.00 | OK | |
r-patched-linux-x86_64 | 0.2.2 | 6.22 | 92.14 | 98.36 | OK | |
r-release-linux-x86_64 | 0.2.2 | 3.22 | 91.59 | 94.81 | OK | |
r-release-macos-arm64 | 0.2.2 | 66.00 | OK | |||
r-release-windows-x86_64 | 0.2.2 | 7.00 | 93.00 | 100.00 | OK | |
r-oldrel-macos-arm64 | 0.2.2 | 81.00 | OK | |||
r-oldrel-macos-x86_64 | 0.2.2 | 110.00 | OK | |||
r-oldrel-windows-x86_64 | 0.2.2 | 7.00 | 103.00 | 110.00 | OK |
Version: 0.2.2
Check: Rd cross-references
Result: NOTE
Undeclared package ‘sp’ in Rd xrefs
Flavor: r-devel-linux-x86_64-fedora-clang
Version: 0.2.2
Check: data for non-ASCII characters
Result: NOTE
Note: found 12 marked UTF-8 strings
Flavors: r-devel-linux-x86_64-fedora-clang, r-devel-linux-x86_64-fedora-gcc