CRAN Package Check Results for Package ojsr

Last updated on 2021-01-20 07:49:20 CET.

Flavor Version Tinstall Tcheck Ttotal Status Flags
r-devel-linux-x86_64-debian-clang 0.1.2 2.69 61.96 64.65 OK
r-devel-linux-x86_64-debian-gcc 0.1.2 2.06 47.51 49.57 OK
r-devel-linux-x86_64-fedora-clang 0.1.2 66.60 OK
r-devel-linux-x86_64-fedora-gcc 0.1.2 57.83 OK
r-devel-windows-ix86+x86_64 0.1.2 5.00 737.00 742.00 WARN
r-patched-linux-x86_64 0.1.2 2.42 60.74 63.16 OK
r-patched-solaris-x86 0.1.2 79.50 OK
r-release-linux-x86_64 0.1.2 2.89 60.68 63.57 OK
r-release-macos-x86_64 0.1.2 OK
r-release-windows-ix86+x86_64 0.1.2 6.00 730.00 736.00 WARN
r-oldrel-macos-x86_64 0.1.2 OK
r-oldrel-windows-ix86+x86_64 0.1.2 4.00 720.00 724.00 WARN

Check Details

Version: 0.1.2
Check: re-building of vignette outputs
Result: WARN
    Error(s) in re-building vignettes:
    --- re-building 'ojsr-vignette.Rmd' using rmarkdown
    Quitting from lines 260-268 (ojsr-vignette.Rmd)
    Error: processing vignette 'ojsr-vignette.Rmd' failed with diagnostics:
    object 'record' not found
    --- failed re-building 'ojsr-vignette.Rmd'
    
    SUMMARY: processing the following file failed:
     'ojsr-vignette.Rmd'
    
    Error: Vignette re-building failed.
    Execution halted
Flavors: r-devel-windows-ix86+x86_64, r-release-windows-ix86+x86_64, r-oldrel-windows-ix86+x86_64