CRAN Package Check Results for Package omsvg

Last updated on 2024-04-12 08:55:54 CEST.

Flavor Version Tinstall Tcheck Ttotal Status Flags
r-devel-linux-x86_64-debian-clang 0.1.0 10.25 45.15 55.40 NOTE
r-devel-linux-x86_64-debian-gcc 0.1.0 8.63 33.43 42.06 NOTE
r-devel-linux-x86_64-fedora-clang 0.1.0 74.56 NOTE
r-devel-linux-x86_64-fedora-gcc 0.1.0 65.84 NOTE
r-devel-windows-x86_64 0.1.0 10.00 59.00 69.00 NOTE
r-patched-linux-x86_64 0.1.0 10.79 41.24 52.03 NOTE
r-release-linux-x86_64 0.1.0 6.95 41.83 48.78 NOTE
r-release-macos-arm64 0.1.0 25.00 NOTE
r-release-macos-x86_64 0.1.0 35.00 NOTE
r-release-windows-x86_64 0.1.0 14.00 61.00 75.00 NOTE
r-oldrel-macos-arm64 0.1.0 25.00 NOTE
r-oldrel-windows-x86_64 0.1.0 14.00 57.00 71.00 NOTE

Check Details

Version: 0.1.0
Check: LazyData
Result: NOTE 'LazyData' is specified without a 'data' directory Flavors: r-devel-linux-x86_64-debian-clang, r-devel-linux-x86_64-debian-gcc, r-devel-linux-x86_64-fedora-clang, r-devel-linux-x86_64-fedora-gcc, r-devel-windows-x86_64, r-patched-linux-x86_64, r-release-linux-x86_64, r-release-macos-arm64, r-release-macos-x86_64, r-release-windows-x86_64, r-oldrel-macos-arm64, r-oldrel-windows-x86_64

Version: 0.1.0
Check: dependencies in R code
Result: NOTE Namespace in Imports field not imported from: ‘gt’ All declared Imports should be used. Flavors: r-devel-linux-x86_64-fedora-clang, r-devel-linux-x86_64-fedora-gcc, r-oldrel-macos-arm64