Last updated on 2024-04-18 08:54:39 CEST.
Flavor | Version | Tinstall | Tcheck | Ttotal | Status | Flags |
---|---|---|---|---|---|---|
r-devel-linux-x86_64-debian-clang | 3.0.0 | 100.55 | 234.94 | 335.49 | OK | --no-vignettes |
r-devel-linux-x86_64-debian-gcc | 3.0.0 | 77.96 | 168.77 | 246.73 | OK | --no-vignettes |
r-devel-linux-x86_64-fedora-clang | 3.0.0 | 1092.84 | OK | |||
r-devel-linux-x86_64-fedora-gcc | 3.0.0 | 1077.07 | OK | |||
r-prerel-macos-arm64 | 3.0.0 | 289.00 | OK | |||
r-prerel-windows-x86_64 | 3.0.0 | 78.00 | 574.00 | 652.00 | NOTE | |
r-patched-linux-x86_64 | 3.0.0 | 105.22 | 215.46 | 320.68 | OK | --no-vignettes |
r-release-linux-x86_64 | 3.0.0 | 96.17 | 216.66 | 312.83 | OK | --no-vignettes |
r-release-macos-arm64 | 3.0.0 | 342.00 | OK | |||
r-release-macos-x86_64 | 3.0.0 | 458.00 | OK | |||
r-release-windows-x86_64 | 3.0.0 | 103.00 | 702.00 | 805.00 | NOTE | |
r-oldrel-macos-arm64 | 3.0.0 | 224.00 | OK | |||
r-oldrel-windows-x86_64 | 3.0.0 | 106.00 | 670.00 | 776.00 | OK |
Version: 3.0.0
Check: C++ specification
Result: NOTE
Specified C++11: please drop specification unless essential
Flavors: r-prerel-windows-x86_64, r-release-windows-x86_64