CRAN Package Check Results for Package onlineforecast

Last updated on 2021-05-12 08:48:57 CEST.

Flavor Version Tinstall Tcheck Ttotal Status Flags
r-devel-linux-x86_64-debian-clang 0.9.3 50.73 179.97 230.70 OK
r-devel-linux-x86_64-debian-gcc 0.9.3 31.65 131.53 163.18 OK
r-devel-linux-x86_64-fedora-clang 0.9.3 292.53 OK
r-devel-linux-x86_64-fedora-gcc 0.9.3 271.72 OK
r-devel-windows-ix86+x86_64 0.9.3 86.00 259.00 345.00 NOTE
r-devel-windows-x86_64-gcc10-UCRT 0.9.3 OK
r-patched-linux-x86_64 0.9.3 41.51 174.93 216.44 OK
r-patched-solaris-x86 0.9.3 336.30 OK
r-release-linux-x86_64 0.9.3 39.09 171.20 210.29 OK
r-release-macos-x86_64 0.9.3 NOTE
r-release-windows-ix86+x86_64 0.9.3 85.00 206.00 291.00 NOTE
r-oldrel-macos-x86_64 0.9.3 NOTE
r-oldrel-windows-ix86+x86_64 0.9.3 100.00 246.00 346.00 NOTE

Check Details

Version: 0.9.3
Check: installed package size
Result: NOTE
     installed size is 5.8Mb
     sub-directories of 1Mb or more:
     doc 3.1Mb
     libs 2.1Mb
Flavors: r-devel-windows-ix86+x86_64, r-release-macos-x86_64, r-release-windows-ix86+x86_64, r-oldrel-macos-x86_64, r-oldrel-windows-ix86+x86_64