Last updated on 2024-04-17 08:57:39 CEST.
Flavor | Version | Tinstall | Tcheck | Ttotal | Status | Flags |
---|---|---|---|---|---|---|
r-devel-linux-x86_64-debian-clang | 1.0.2 | 56.69 | 459.34 | 516.03 | OK | |
r-devel-linux-x86_64-debian-gcc | 1.0.2 | 39.70 | 307.41 | 347.11 | OK | |
r-devel-linux-x86_64-fedora-clang | 1.0.2 | 627.51 | OK | |||
r-devel-linux-x86_64-fedora-gcc | 1.0.2 | 617.28 | OK | |||
r-prerel-macos-arm64 | 1.0.2 | 133.00 | NOTE | |||
r-prerel-windows-x86_64 | 1.0.2 | 42.00 | 334.00 | 376.00 | OK | |
r-patched-linux-x86_64 | 1.0.2 | 51.18 | 417.49 | 468.67 | OK | |
r-release-linux-x86_64 | 1.0.2 | 46.23 | 426.51 | 472.74 | OK | |
r-release-macos-arm64 | 1.0.2 | 157.00 | NOTE | |||
r-release-macos-x86_64 | 1.0.2 | 418.00 | NOTE | |||
r-release-windows-x86_64 | 1.0.2 | 53.00 | 431.00 | 484.00 | OK | |
r-oldrel-macos-arm64 | 1.0.2 | 122.00 | NOTE | |||
r-oldrel-windows-x86_64 | 1.0.2 | 51.00 | 374.00 | 425.00 | OK |
Version: 1.0.2
Check: installed package size
Result: NOTE
installed size is 5.6Mb
sub-directories of 1Mb or more:
doc 3.2Mb
libs 1.6Mb
Flavors: r-prerel-macos-arm64, r-release-macos-arm64, r-release-macos-x86_64, r-oldrel-macos-arm64