Last updated on 2024-08-31 08:48:18 CEST.
Flavor | Version | Tinstall | Tcheck | Ttotal | Status | Flags |
---|---|---|---|---|---|---|
r-devel-linux-x86_64-debian-clang | 0.1-2 | 2.75 | 35.61 | 38.36 | NOTE | |
r-devel-linux-x86_64-debian-gcc | 0.1-2 | 1.92 | 26.56 | 28.48 | NOTE | |
r-devel-linux-x86_64-fedora-clang | 0.1-2 | 63.99 | OK | |||
r-devel-linux-x86_64-fedora-gcc | 0.1-2 | 72.80 | OK | |||
r-devel-windows-x86_64 | 0.1-2 | 4.00 | 99.00 | 103.00 | NOTE | |
r-patched-linux-x86_64 | 0.1-2 | 4.07 | 35.85 | 39.92 | OK | |
r-release-linux-x86_64 | 0.1-2 | 2.28 | 35.26 | 37.54 | OK | |
r-release-macos-arm64 | 0.1-2 | 26.00 | OK | |||
r-release-macos-x86_64 | 0.1-2 | 41.00 | OK | |||
r-release-windows-x86_64 | 0.1-2 | 3.00 | 81.00 | 84.00 | OK | |
r-oldrel-macos-arm64 | 0.1-2 | 30.00 | OK | |||
r-oldrel-macos-x86_64 | 0.1-2 | 46.00 | OK | |||
r-oldrel-windows-x86_64 | 0.1-2 | 3.00 | 69.00 | 72.00 | OK |
Version: 0.1-2
Check: Rd cross-references
Result: NOTE
Found the following Rd file(s) with Rd \link{} targets missing package
anchors:
onls.Rd: nls.lm.control, nls.lm
Please provide package anchors for all Rd \link{} targets not in the
package itself and the base packages.
Flavors: r-devel-linux-x86_64-debian-clang, r-devel-linux-x86_64-debian-gcc, r-devel-windows-x86_64