Last updated on 2024-03-12 07:50:00 CET.
Flavor | Version | Tinstall | Tcheck | Ttotal | Status | Flags |
---|---|---|---|---|---|---|
r-devel-linux-x86_64-debian-clang | 2.12 | 3.42 | 48.82 | 52.24 | OK | |
r-devel-linux-x86_64-debian-gcc | 2.12 | 2.01 | 41.29 | 43.30 | OK | |
r-devel-linux-x86_64-fedora-clang | 2.12 | 71.08 | NOTE | |||
r-devel-linux-x86_64-fedora-gcc | 2.12 | 80.79 | NOTE | |||
r-devel-windows-x86_64 | 2.12 | 3.00 | 64.00 | 67.00 | OK | |
r-patched-linux-x86_64 | 2.12 | 2.44 | 50.03 | 52.47 | OK | |
r-release-linux-x86_64 | 2.12 | 3.33 | 51.32 | 54.65 | OK | |
r-release-macos-arm64 | 2.12 | 38.00 | OK | |||
r-release-macos-x86_64 | 2.12 | 74.00 | OK | |||
r-release-windows-x86_64 | 2.12 | 4.00 | 63.00 | 67.00 | OK | |
r-oldrel-macos-arm64 | 2.12 | 32.00 | OK | |||
r-oldrel-windows-x86_64 | 2.12 | 5.00 | 63.00 | 68.00 | OK |
Version: 2.12
Check: data for non-ASCII characters
Result: NOTE
Note: found 4 marked UTF-8 strings
Flavors: r-devel-linux-x86_64-fedora-clang, r-devel-linux-x86_64-fedora-gcc