Last updated on 2024-04-19 08:54:49 CEST.
Flavor | Version | Tinstall | Tcheck | Ttotal | Status | Flags |
---|---|---|---|---|---|---|
r-devel-linux-x86_64-debian-clang | 2.2.6 | 198.25 | 547.56 | 745.81 | NOTE | |
r-devel-linux-x86_64-debian-gcc | 2.2.6 | NOTE | ||||
r-devel-linux-x86_64-fedora-clang | 2.2.6 | 945.67 | NOTE | |||
r-devel-linux-x86_64-fedora-gcc | 2.2.6 | 937.00 | NOTE | |||
r-prerel-macos-arm64 | 2.2.6 | 191.00 | NOTE | |||
r-prerel-windows-x86_64 | 2.2.6 | 166.00 | 397.00 | 563.00 | NOTE | |
r-patched-linux-x86_64 | 2.2.6 | 199.74 | 520.34 | 720.08 | NOTE | |
r-release-linux-x86_64 | 2.2.6 | 188.99 | 529.29 | 718.28 | NOTE | |
r-release-macos-arm64 | 2.2.6 | 214.00 | NOTE | |||
r-release-macos-x86_64 | 2.2.6 | 390.00 | NOTE | |||
r-release-windows-x86_64 | 2.2.6 | 208.00 | 527.00 | 735.00 | NOTE | |
r-oldrel-macos-arm64 | 2.2.6 | 198.00 | NOTE | |||
r-oldrel-windows-x86_64 | 2.2.6 | 184.00 | 494.00 | 678.00 | NOTE |
Version: 2.2.6
Check: for GNU extensions in Makefiles
Result: NOTE
GNU make is a SystemRequirements.
Flavors: r-devel-linux-x86_64-debian-clang, r-devel-linux-x86_64-debian-gcc, r-devel-linux-x86_64-fedora-clang, r-devel-linux-x86_64-fedora-gcc, r-prerel-macos-arm64, r-prerel-windows-x86_64, r-patched-linux-x86_64, r-release-linux-x86_64, r-release-macos-arm64, r-release-macos-x86_64, r-release-windows-x86_64, r-oldrel-macos-arm64, r-oldrel-windows-x86_64
Version: 2.2.6
Check: installed package size
Result: NOTE
installed size is 6.3Mb
sub-directories of 1Mb or more:
exampledata 1.5Mb
libs 3.5Mb
Flavors: r-prerel-macos-arm64, r-release-macos-arm64, r-release-macos-x86_64, r-oldrel-macos-arm64