CRAN Package Check Results for Package opendotaR

Last updated on 2024-06-20 08:54:54 CEST.

Flavor Version Tinstall Tcheck Ttotal Status Flags
r-devel-linux-x86_64-debian-clang 0.1.4 2.20 21.24 23.44 NOTE
r-devel-linux-x86_64-debian-gcc 0.1.4 1.72 16.61 18.33 NOTE
r-devel-linux-x86_64-fedora-clang 0.1.4 31.73 NOTE
r-devel-linux-x86_64-fedora-gcc 0.1.4 27.11 NOTE
r-devel-windows-x86_64 0.1.4 4.00 38.00 42.00 NOTE
r-patched-linux-x86_64 0.1.4 1.46 20.52 21.98 NOTE
r-release-linux-x86_64 0.1.4 2.14 19.97 22.11 NOTE
r-release-macos-arm64 0.1.4 14.00 NOTE
r-release-macos-x86_64 0.1.4 20.00 NOTE
r-release-windows-x86_64 0.1.4 4.00 41.00 45.00 NOTE
r-oldrel-macos-arm64 0.1.4 16.00 NOTE
r-oldrel-macos-x86_64 0.1.4 18.00 NOTE
r-oldrel-windows-x86_64 0.1.4 4.00 39.00 43.00 NOTE

Check Details

Version: 0.1.4
Check: LazyData
Result: NOTE 'LazyData' is specified without a 'data' directory Flavors: r-devel-linux-x86_64-debian-clang, r-devel-linux-x86_64-debian-gcc, r-devel-linux-x86_64-fedora-clang, r-devel-linux-x86_64-fedora-gcc, r-devel-windows-x86_64, r-patched-linux-x86_64, r-release-linux-x86_64, r-release-macos-arm64, r-release-macos-x86_64, r-release-windows-x86_64, r-oldrel-macos-arm64, r-oldrel-macos-x86_64, r-oldrel-windows-x86_64

Version: 0.1.4
Check: dependencies in R code
Result: NOTE Namespace in Imports field not imported from: ‘dplyr’ All declared Imports should be used. Flavors: r-devel-linux-x86_64-fedora-clang, r-devel-linux-x86_64-fedora-gcc