Last updated on 2024-04-19 08:54:49 CEST.
Flavor | Version | Tinstall | Tcheck | Ttotal | Status | Flags |
---|---|---|---|---|---|---|
r-devel-linux-x86_64-debian-clang | 0.9.2.1 | 2.32 | 35.42 | 37.74 | NOTE | |
r-devel-linux-x86_64-debian-gcc | 0.9.2.1 | NOTE | ||||
r-devel-linux-x86_64-fedora-clang | 0.9.2.1 | 48.71 | NOTE | |||
r-devel-linux-x86_64-fedora-gcc | 0.9.2.1 | 58.27 | NOTE | |||
r-prerel-macos-arm64 | 0.9.2.1 | 26.00 | NOTE | |||
r-prerel-windows-x86_64 | 0.9.2.1 | 4.00 | 51.00 | 55.00 | NOTE | |
r-patched-linux-x86_64 | 0.9.2.1 | 2.98 | 33.93 | 36.91 | NOTE | |
r-release-linux-x86_64 | 0.9.2.1 | 2.49 | 32.65 | 35.14 | OK | |
r-release-macos-arm64 | 0.9.2.1 | 29.00 | OK | |||
r-release-macos-x86_64 | 0.9.2.1 | 37.00 | OK | |||
r-release-windows-x86_64 | 0.9.2.1 | 3.00 | 53.00 | 56.00 | OK | |
r-oldrel-macos-arm64 | 0.9.2.1 | 21.00 | OK | |||
r-oldrel-windows-x86_64 | 0.9.2.1 | 4.00 | 56.00 | 60.00 | OK |
Version: 0.9.2.1
Check: Rd files
Result: NOTE
checkRd: (-1) gnu_style.Rd:24: Lost braces
24 | [GNU Command Line Standards]{http://www.gnu.org/prep/standards/standards.html}
| ^
Flavors: r-devel-linux-x86_64-debian-clang, r-devel-linux-x86_64-debian-gcc, r-devel-linux-x86_64-fedora-clang, r-devel-linux-x86_64-fedora-gcc, r-prerel-macos-arm64, r-prerel-windows-x86_64, r-patched-linux-x86_64