CRAN Package Check Results for Package optimr

Last updated on 2021-09-20 08:50:32 CEST.

Flavor Version Tinstall Tcheck Ttotal Status Flags
r-devel-linux-x86_64-debian-clang 2019-12.16 3.38 46.21 49.59 OK
r-devel-linux-x86_64-debian-gcc 2019-12.16 2.53 35.76 38.29 OK
r-devel-linux-x86_64-fedora-clang 2019-12.16 67.55 OK
r-devel-linux-x86_64-fedora-gcc 2019-12.16 56.40 OK
r-devel-windows-x86_64 2019-12.16 4.00 54.00 58.00 OK
r-devel-windows-x86_64-gcc10-UCRT 2019-12.16 ERROR
r-patched-linux-x86_64 2019-12.16 3.59 44.68 48.27 OK
r-patched-solaris-x86 2019-12.16 79.30 OK
r-release-linux-x86_64 2019-12.16 3.09 44.30 47.39 OK
r-release-macos-arm64 2019-12.16 OK
r-release-macos-x86_64 2019-12.16 OK
r-release-windows-ix86+x86_64 2019-12.16 7.00 50.00 57.00 OK
r-oldrel-macos-x86_64 2019-12.16 OK
r-oldrel-windows-ix86+x86_64 2019-12.16 7.00 54.00 61.00 OK

Check Details

Version: 2019-12.16
Check: whether package can be installed
Result: WARN
    Found the following significant warnings:
     WARNING: installation-time patches will not be applied, could not get the patches index
Flavor: r-devel-windows-x86_64-gcc10-UCRT

Version: 2019-12.16
Check: PDF version of manual
Result: WARN
    LaTeX errors when creating PDF version.
    This typically indicates Rd problems.
Flavor: r-devel-windows-x86_64-gcc10-UCRT

Version: 2019-12.16
Check: PDF version of manual without hyperrefs or index
Result: ERROR
    Re-running with no redirection of stdout/stderr.
Flavor: r-devel-windows-x86_64-gcc10-UCRT