Last updated on 2024-04-19 08:54:49 CEST.
Flavor | Version | Tinstall | Tcheck | Ttotal | Status | Flags |
---|---|---|---|---|---|---|
r-devel-linux-x86_64-debian-clang | 0.2.0 | 2.35 | 235.64 | 237.99 | OK | |
r-devel-linux-x86_64-debian-gcc | 0.2.0 | OK | ||||
r-devel-linux-x86_64-fedora-clang | 0.2.0 | 281.94 | NOTE | |||
r-devel-linux-x86_64-fedora-gcc | 0.2.0 | 282.20 | NOTE | |||
r-prerel-macos-arm64 | 0.2.0 | 84.00 | OK | |||
r-prerel-windows-x86_64 | 0.2.0 | 3.00 | 193.00 | 196.00 | OK | |
r-patched-linux-x86_64 | 0.2.0 | 2.35 | 218.91 | 221.26 | OK | |
r-release-linux-x86_64 | 0.2.0 | 1.97 | 221.06 | 223.03 | OK | |
r-release-macos-arm64 | 0.2.0 | 82.00 | OK | |||
r-release-macos-x86_64 | 0.2.0 | 144.00 | OK | |||
r-release-windows-x86_64 | 0.2.0 | 4.00 | 220.00 | 224.00 | OK | |
r-oldrel-macos-arm64 | 0.2.0 | 75.00 | NOTE | |||
r-oldrel-windows-x86_64 | 0.2.0 | 5.00 | 220.00 | 225.00 | OK |
Version: 0.2.0
Check: dependencies in R code
Result: NOTE
Namespace in Imports field not imported from: ‘methods’
All declared Imports should be used.
Flavors: r-devel-linux-x86_64-fedora-clang, r-devel-linux-x86_64-fedora-gcc, r-oldrel-macos-arm64