Last updated on 2024-04-26 08:55:07 CEST.
Flavor | Version | Tinstall | Tcheck | Ttotal | Status | Flags |
---|---|---|---|---|---|---|
r-devel-linux-x86_64-debian-clang | 0.2.5 | 10.48 | 108.70 | 119.18 | NOTE | |
r-devel-linux-x86_64-debian-gcc | 0.2.5 | 10.03 | 78.25 | 88.28 | NOTE | |
r-devel-linux-x86_64-fedora-clang | 0.2.5 | 152.15 | NOTE | |||
r-devel-linux-x86_64-fedora-gcc | 0.2.5 | 141.92 | NOTE | |||
r-devel-windows-x86_64 | 0.2.5 | 11.00 | 88.00 | 99.00 | NOTE | |
r-patched-linux-x86_64 | 0.2.5 | 13.69 | 103.77 | 117.46 | NOTE | |
r-release-linux-x86_64 | 0.2.5 | 12.87 | 102.45 | 115.32 | NOTE | |
r-release-macos-arm64 | 0.2.5 | 40.00 | NOTE | |||
r-release-windows-x86_64 | 0.2.5 | 12.00 | 85.00 | 97.00 | NOTE | |
r-oldrel-macos-arm64 | 0.2.5 | 45.00 | NOTE | |||
r-oldrel-macos-x86_64 | 0.2.5 | 74.00 | NOTE | |||
r-oldrel-windows-x86_64 | 0.2.5 | 16.00 | 107.00 | 123.00 | NOTE |
Version: 0.2.5
Check: package subdirectories
Result: NOTE
Problems with news in ‘NEWS.md’:
No news entries found.
Flavors: r-devel-linux-x86_64-debian-clang, r-devel-linux-x86_64-debian-gcc, r-devel-linux-x86_64-fedora-clang, r-devel-linux-x86_64-fedora-gcc, r-devel-windows-x86_64, r-patched-linux-x86_64, r-release-linux-x86_64, r-release-macos-arm64, r-release-windows-x86_64, r-oldrel-macos-arm64, r-oldrel-macos-x86_64, r-oldrel-windows-x86_64
Version: 0.2.5
Check: LazyData
Result: NOTE
'LazyData' is specified without a 'data' directory
Flavors: r-devel-linux-x86_64-debian-clang, r-devel-linux-x86_64-debian-gcc, r-devel-linux-x86_64-fedora-clang, r-devel-linux-x86_64-fedora-gcc, r-devel-windows-x86_64, r-patched-linux-x86_64, r-release-linux-x86_64, r-release-macos-arm64, r-release-windows-x86_64, r-oldrel-macos-arm64, r-oldrel-macos-x86_64, r-oldrel-windows-x86_64