CRAN Package Check Results for Package originr

Last updated on 2021-01-20 07:49:20 CET.

Flavor Version Tinstall Tcheck Ttotal Status Flags
r-devel-linux-x86_64-debian-clang 0.4.0 5.13 46.16 51.29 OK
r-devel-linux-x86_64-debian-gcc 0.4.0 4.23 35.66 39.89 OK
r-devel-linux-x86_64-fedora-clang 0.4.0 72.12 NOTE
r-devel-linux-x86_64-fedora-gcc 0.4.0 59.10 NOTE
r-devel-windows-ix86+x86_64 0.4.0 11.00 59.00 70.00 OK
r-patched-linux-x86_64 0.4.0 5.24 44.53 49.77 OK
r-patched-solaris-x86 0.4.0 94.00 NOTE
r-release-linux-x86_64 0.4.0 4.15 44.26 48.41 OK
r-release-macos-x86_64 0.4.0 NOTE
r-release-windows-ix86+x86_64 0.4.0 11.00 57.00 68.00 OK
r-oldrel-macos-x86_64 0.4.0 NOTE
r-oldrel-windows-ix86+x86_64 0.4.0 8.00 46.00 54.00 OK

Check Details

Version: 0.4.0
Check: data for non-ASCII characters
Result: NOTE
     Note: found 2 marked UTF-8 strings
Flavors: r-devel-linux-x86_64-fedora-clang, r-devel-linux-x86_64-fedora-gcc, r-patched-solaris-x86, r-release-macos-x86_64, r-oldrel-macos-x86_64