Last updated on 2024-03-12 07:50:01 CET.
Flavor | Version | Tinstall | Tcheck | Ttotal | Status | Flags |
---|---|---|---|---|---|---|
r-devel-linux-x86_64-debian-clang | 0.11.4 | 19.80 | 125.58 | 145.38 | OK | |
r-devel-linux-x86_64-debian-gcc | 0.11.4 | 16.88 | 98.18 | 115.06 | OK | |
r-devel-linux-x86_64-fedora-clang | 0.11.4 | 180.51 | NOTE | |||
r-devel-linux-x86_64-fedora-gcc | 0.11.4 | 188.19 | OK | |||
r-devel-windows-x86_64 | 0.11.4 | 17.00 | 130.00 | 147.00 | NOTE | |
r-patched-linux-x86_64 | 0.11.4 | 20.03 | 125.13 | 145.16 | OK | |
r-release-linux-x86_64 | 0.11.4 | 18.82 | 125.18 | 144.00 | OK | |
r-release-macos-arm64 | 0.11.4 | 51.00 | NOTE | |||
r-release-macos-x86_64 | 0.11.4 | 90.00 | NOTE | |||
r-release-windows-x86_64 | 0.11.4 | 24.00 | 150.00 | 174.00 | NOTE | |
r-oldrel-macos-arm64 | 0.11.4 | 48.00 | NOTE | |||
r-oldrel-windows-x86_64 | 0.11.4 | 25.00 | 134.00 | 159.00 | NOTE |
Version: 0.11.4
Check: installed package size
Result: NOTE
installed size is 6.7Mb
sub-directories of 1Mb or more:
R 1.0Mb
nifti 3.8Mb
Flavors: r-devel-linux-x86_64-fedora-clang, r-devel-windows-x86_64, r-release-macos-arm64, r-release-macos-x86_64, r-release-windows-x86_64, r-oldrel-macos-arm64, r-oldrel-windows-x86_64