Last updated on 2024-03-12 07:50:01 CET.
Flavor | Version | Tinstall | Tcheck | Ttotal | Status | Flags |
---|---|---|---|---|---|---|
r-devel-linux-x86_64-debian-clang | 0.2.7 | 9.66 | 91.15 | 100.81 | NOTE | |
r-devel-linux-x86_64-debian-gcc | 0.2.7 | 7.60 | 70.10 | 77.70 | NOTE | |
r-devel-linux-x86_64-fedora-clang | 0.2.7 | 124.96 | NOTE | |||
r-devel-linux-x86_64-fedora-gcc | 0.2.7 | 128.72 | NOTE | |||
r-devel-windows-x86_64 | 0.2.7 | 11.00 | 81.00 | 92.00 | NOTE | |
r-patched-linux-x86_64 | 0.2.7 | 9.74 | 90.78 | 100.52 | OK | |
r-release-linux-x86_64 | 0.2.7 | 9.33 | 91.55 | 100.88 | OK | |
r-release-macos-arm64 | 0.2.7 | 38.00 | OK | |||
r-release-macos-x86_64 | 0.2.7 | 65.00 | OK | |||
r-release-windows-x86_64 | 0.2.7 | 11.00 | 94.00 | 105.00 | OK | |
r-oldrel-macos-arm64 | 0.2.7 | 30.00 | OK | |||
r-oldrel-windows-x86_64 | 0.2.7 | 12.00 | 94.00 | 106.00 | OK |
Version: 0.2.7
Check: Rd files
Result: NOTE
checkRd: (-1) hillEquation.Rd:29: Lost braces in \itemize; \value handles \item{}{} directly
checkRd: (-1) hillEquation.Rd:30: Lost braces in \itemize; \value handles \item{}{} directly
checkRd: (-1) hillEquation.Rd:30-31: Lost braces in \itemize; \value handles \item{}{} directly
checkRd: (-1) hillEquation.Rd:31: Lost braces in \itemize; \value handles \item{}{} directly
checkRd: (-1) hillEquation.Rd:32: Lost braces in \itemize; \value handles \item{}{} directly
checkRd: (-1) hillEquation.Rd:33: Lost braces in \itemize; \value handles \item{}{} directly
checkRd: (-1) hillEquation.Rd:34: Lost braces in \itemize; \value handles \item{}{} directly
checkRd: (-1) hillEquation.Rd:35: Lost braces in \itemize; \value handles \item{}{} directly
checkRd: (-1) qiba.Rd:81-83: Lost braces in \itemize; \value handles \item{}{} directly
checkRd: (-1) qiba.Rd:84-85: Lost braces in \itemize; \value handles \item{}{} directly
checkRd: (-1) qiba.Rd:86-87: Lost braces in \itemize; \value handles \item{}{} directly
checkRd: (-1) qiba.Rd:88-90: Lost braces in \itemize; \value handles \item{}{} directly
checkRd: (-1) qiba.Rd:91-93: Lost braces in \itemize; \value handles \item{}{} directly
Flavors: r-devel-linux-x86_64-debian-clang, r-devel-linux-x86_64-debian-gcc, r-devel-linux-x86_64-fedora-clang, r-devel-linux-x86_64-fedora-gcc, r-devel-windows-x86_64