Last updated on 2024-04-20 08:51:03 CEST.
Flavor | Version | Tinstall | Tcheck | Ttotal | Status | Flags |
---|---|---|---|---|---|---|
r-devel-linux-x86_64-debian-clang | 0.6.8 | 309.81 | 127.06 | 436.87 | OK | |
r-devel-linux-x86_64-debian-gcc | 0.6.8 | 231.84 | 96.26 | 328.10 | OK | |
r-devel-linux-x86_64-fedora-clang | 0.6.8 | 608.24 | OK | |||
r-devel-linux-x86_64-fedora-gcc | 0.6.8 | 622.84 | OK | |||
r-prerel-macos-arm64 | 0.6.8 | 146.00 | NOTE | |||
r-prerel-macos-x86_64 | 0.6.8 | 175.00 | NOTE | |||
r-prerel-windows-x86_64 | 0.6.8 | 222.00 | 124.00 | 346.00 | OK | |
r-patched-linux-x86_64 | 0.6.8 | 289.57 | 125.27 | 414.84 | OK | |
r-release-linux-x86_64 | 0.6.8 | 295.24 | 115.44 | 410.68 | OK | |
r-release-macos-arm64 | 0.6.8 | 122.00 | NOTE | |||
r-release-macos-x86_64 | 0.6.8 | 174.00 | NOTE | |||
r-release-windows-x86_64 | 0.6.8 | 268.00 | 148.00 | 416.00 | OK | |
r-oldrel-macos-arm64 | 0.6.8 | 157.00 | NOTE | |||
r-oldrel-windows-x86_64 | 0.6.8 | 256.00 | 141.00 | 397.00 | OK |
Version: 0.6.8
Check: installed package size
Result: NOTE
installed size is 9.5Mb
sub-directories of 1Mb or more:
libs 9.2Mb
Flavors: r-prerel-macos-arm64, r-prerel-macos-x86_64, r-release-macos-arm64, r-release-macos-x86_64, r-oldrel-macos-arm64