Last updated on 2024-04-24 07:57:48 CEST.
Flavor | Version | Tinstall | Tcheck | Ttotal | Status | Flags |
---|---|---|---|---|---|---|
r-devel-linux-x86_64-debian-clang | 0.5.1 | 5.53 | 48.40 | 53.93 | NOTE | |
r-devel-linux-x86_64-debian-gcc | 0.5.1 | 4.38 | 36.77 | 41.15 | NOTE | |
r-devel-linux-x86_64-fedora-clang | 0.5.1 | 69.34 | NOTE | |||
r-devel-linux-x86_64-fedora-gcc | 0.5.1 | 65.88 | NOTE | |||
r-prerel-macos-arm64 | 0.5.1 | 23.00 | NOTE | |||
r-prerel-windows-x86_64 | 0.5.1 | 7.00 | 56.00 | 63.00 | NOTE | |
r-patched-linux-x86_64 | 0.5.1 | 6.17 | 46.45 | 52.62 | NOTE | |
r-release-linux-x86_64 | 0.5.1 | 3.20 | 47.82 | 51.02 | OK | |
r-release-macos-arm64 | 0.5.1 | 23.00 | OK | |||
r-release-macos-x86_64 | 0.5.1 | 36.00 | OK | |||
r-release-windows-x86_64 | 0.5.1 | 7.00 | 61.00 | 68.00 | OK | |
r-oldrel-macos-arm64 | 0.5.1 | 22.00 | OK | |||
r-oldrel-windows-x86_64 | 0.5.1 | 7.00 | 65.00 | 72.00 | OK |
Version: 0.5.1
Check: Rd files
Result: NOTE
checkRd: (-1) otp_create_surface.Rd:33: Lost braces; missing escapes or markup?
33 | The file will be named surface_{id}.tiff, with {id} replaced by the OTP id assigned
| ^
checkRd: (-1) otp_create_surface.Rd:33: Lost braces; missing escapes or markup?
33 | The file will be named surface_{id}.tiff, with {id} replaced by the OTP id assigned
| ^
Flavors: r-devel-linux-x86_64-debian-clang, r-devel-linux-x86_64-debian-gcc, r-devel-linux-x86_64-fedora-clang, r-devel-linux-x86_64-fedora-gcc, r-prerel-macos-arm64, r-prerel-windows-x86_64, r-patched-linux-x86_64