CRAN Package Check Results for Package outreg

Last updated on 2021-07-25 08:51:05 CEST.

Flavor Version Tinstall Tcheck Ttotal Status Flags
r-devel-linux-x86_64-debian-clang 0.2.2 3.08 36.24 39.32 NOTE
r-devel-linux-x86_64-debian-gcc 0.2.2 2.41 27.98 30.39 NOTE
r-devel-linux-x86_64-fedora-clang 0.2.2 55.58 NOTE
r-devel-linux-x86_64-fedora-gcc 0.2.2 45.14 NOTE
r-devel-windows-x86_64 0.2.2 4.00 45.00 49.00 NOTE
r-devel-windows-x86_64-gcc10-UCRT 0.2.2 NOTE
r-patched-linux-x86_64 0.2.2 2.68 34.97 37.65 NOTE
r-patched-solaris-x86 0.2.2 70.20 NOTE
r-release-linux-x86_64 0.2.2 2.77 34.64 37.41 NOTE
r-release-macos-arm64 0.2.2 NOTE
r-release-macos-x86_64 0.2.2 NOTE
r-release-windows-ix86+x86_64 0.2.2 6.00 41.00 47.00 NOTE
r-oldrel-macos-x86_64 0.2.2 OK
r-oldrel-windows-ix86+x86_64 0.2.2 7.00 54.00 61.00 OK

Check Details

Version: 0.2.2
Check: LazyData
Result: NOTE
     'LazyData' is specified without a 'data' directory
Flavors: r-devel-linux-x86_64-debian-clang, r-devel-linux-x86_64-debian-gcc, r-devel-linux-x86_64-fedora-clang, r-devel-linux-x86_64-fedora-gcc, r-devel-windows-x86_64, r-devel-windows-x86_64-gcc10-UCRT, r-patched-linux-x86_64, r-patched-solaris-x86, r-release-linux-x86_64, r-release-macos-arm64, r-release-macos-x86_64, r-release-windows-ix86+x86_64