CRAN Package Check Results for Package pGPx

Last updated on 2021-05-11 08:48:22 CEST.

Flavor Version Tinstall Tcheck Ttotal Status Flags
r-devel-linux-x86_64-debian-clang 0.1.1 29.27 50.67 79.94 NOTE
r-devel-linux-x86_64-debian-gcc 0.1.1 18.95 37.38 56.33 NOTE
r-devel-linux-x86_64-fedora-clang 0.1.1 113.36 NOTE
r-devel-linux-x86_64-fedora-gcc 0.1.1 97.89 NOTE
r-devel-windows-ix86+x86_64 0.1.1 51.00 126.00 177.00 NOTE
r-devel-windows-x86_64-gcc10-UCRT 0.1.1 NOTE
r-patched-linux-x86_64 0.1.1 23.17 47.74 70.91 NOTE
r-patched-solaris-x86 0.1.1 127.70 NOTE
r-release-linux-x86_64 0.1.1 28.16 47.41 75.57 OK
r-release-macos-x86_64 0.1.1 OK
r-release-windows-ix86+x86_64 0.1.1 50.00 96.00 146.00 OK
r-oldrel-macos-x86_64 0.1.1 OK
r-oldrel-windows-ix86+x86_64 0.1.1 62.00 85.00 147.00 OK

Check Details

Version: 0.1.1
Check: LazyData
Result: NOTE
     'LazyData' is specified without a 'data' directory
Flavors: r-devel-linux-x86_64-debian-clang, r-devel-linux-x86_64-debian-gcc, r-devel-linux-x86_64-fedora-clang, r-devel-linux-x86_64-fedora-gcc, r-devel-windows-ix86+x86_64, r-devel-windows-x86_64-gcc10-UCRT, r-patched-linux-x86_64, r-patched-solaris-x86