Last updated on 2024-08-31 08:48:19 CEST.
Flavor | Version | Tinstall | Tcheck | Ttotal | Status | Flags |
---|---|---|---|---|---|---|
r-devel-linux-x86_64-debian-clang | 0.1.4 | 16.13 | 41.00 | 57.13 | NOTE | |
r-devel-linux-x86_64-debian-gcc | 0.1.4 | 12.68 | 29.33 | 42.01 | NOTE | |
r-devel-linux-x86_64-fedora-clang | 0.1.4 | 105.34 | NOTE | |||
r-devel-linux-x86_64-fedora-gcc | 0.1.4 | 100.01 | NOTE | |||
r-devel-windows-x86_64 | 0.1.4 | 23.00 | 88.00 | 111.00 | NOTE | |
r-patched-linux-x86_64 | 0.1.4 | 18.55 | 39.29 | 57.84 | NOTE | |
r-release-linux-x86_64 | 0.1.4 | 17.57 | 38.89 | 56.46 | NOTE | |
r-release-macos-arm64 | 0.1.4 | 30.00 | NOTE | |||
r-release-macos-x86_64 | 0.1.4 | 45.00 | NOTE | |||
r-release-windows-x86_64 | 0.1.4 | 23.00 | 112.00 | 135.00 | NOTE | |
r-oldrel-macos-arm64 | 0.1.4 | 34.00 | OK | |||
r-oldrel-macos-x86_64 | 0.1.4 | 62.00 | OK | |||
r-oldrel-windows-x86_64 | 0.1.4 | 28.00 | 101.00 | 129.00 | OK |
Version: 0.1.4
Check: Rd files
Result: NOTE
checkRd: (-1) DTV.Rd:20: Lost braces in \itemize; \value handles \item{}{} directly
checkRd: (-1) DTV.Rd:21: Lost braces in \itemize; \value handles \item{}{} directly
checkRd: (-1) DTV.Rd:22: Lost braces in \itemize; \value handles \item{}{} directly
checkRd: (-1) DTV.Rd:23: Lost braces in \itemize; \value handles \item{}{} directly
checkRd: (-1) DTV.Rd:24: Lost braces in \itemize; \value handles \item{}{} directly
Flavors: r-devel-linux-x86_64-debian-clang, r-devel-linux-x86_64-debian-gcc, r-devel-linux-x86_64-fedora-clang, r-devel-linux-x86_64-fedora-gcc, r-devel-windows-x86_64, r-patched-linux-x86_64, r-release-linux-x86_64, r-release-macos-arm64, r-release-macos-x86_64, r-release-windows-x86_64