Last updated on 2024-04-20 08:51:03 CEST.
Flavor | Version | Tinstall | Tcheck | Ttotal | Status | Flags |
---|---|---|---|---|---|---|
r-devel-linux-x86_64-debian-clang | 0.5.1 | 4.53 | 36.60 | 41.13 | OK | |
r-devel-linux-x86_64-debian-gcc | 0.5.1 | 3.31 | 27.70 | 31.01 | OK | |
r-devel-linux-x86_64-fedora-clang | 0.5.1 | 51.28 | NOTE | |||
r-devel-linux-x86_64-fedora-gcc | 0.5.1 | 50.25 | OK | |||
r-prerel-macos-arm64 | 0.5.1 | 20.00 | OK | |||
r-prerel-windows-x86_64 | 0.5.1 | 4.00 | 54.00 | 58.00 | OK | |
r-patched-linux-x86_64 | 0.5.1 | 5.38 | 36.35 | 41.73 | OK | |
r-release-linux-x86_64 | 0.5.1 | 3.53 | 34.28 | 37.81 | OK | |
r-release-macos-arm64 | 0.5.1 | 20.00 | OK | |||
r-release-macos-x86_64 | 0.5.1 | 30.00 | OK | |||
r-release-windows-x86_64 | 0.5.1 | 6.00 | 57.00 | 63.00 | OK | |
r-oldrel-macos-arm64 | 0.5.1 | 31.00 | OK | |||
r-oldrel-windows-x86_64 | 0.5.1 | 8.00 | 58.00 | 66.00 | OK |
Version: 0.5.1
Check: Rd cross-references
Result: NOTE
Undeclared package ‘devtools’ in Rd xrefs
Flavor: r-devel-linux-x86_64-fedora-clang