Last updated on 2024-04-24 07:57:48 CEST.
Flavor | Version | Tinstall | Tcheck | Ttotal | Status | Flags |
---|---|---|---|---|---|---|
r-devel-linux-x86_64-debian-clang | 0.4.2 | 2.76 | 30.35 | 33.11 | NOTE | |
r-devel-linux-x86_64-debian-gcc | 0.4.2 | 2.04 | 22.77 | 24.81 | NOTE | |
r-devel-linux-x86_64-fedora-clang | 0.4.2 | 40.41 | NOTE | |||
r-devel-linux-x86_64-fedora-gcc | 0.4.2 | 38.37 | NOTE | |||
r-prerel-macos-arm64 | 0.4.2 | 18.00 | NOTE | |||
r-prerel-windows-x86_64 | 0.4.2 | 4.00 | 45.00 | 49.00 | NOTE | |
r-patched-linux-x86_64 | 0.4.2 | 2.89 | 29.45 | 32.34 | NOTE | |
r-release-linux-x86_64 | 0.4.2 | 1.79 | 29.43 | 31.22 | NOTE | |
r-release-macos-arm64 | 0.4.2 | 18.00 | NOTE | |||
r-release-macos-x86_64 | 0.4.2 | 24.00 | NOTE | |||
r-release-windows-x86_64 | 0.4.2 | 4.00 | 46.00 | 50.00 | NOTE | |
r-oldrel-macos-arm64 | 0.4.2 | 18.00 | NOTE | |||
r-oldrel-windows-x86_64 | 0.4.2 | 4.00 | 49.00 | 53.00 | OK |
Version: 0.4.2
Check: Rd files
Result: NOTE
checkRd: (-1) residuals_paco.Rd:10: Escaped LaTeX specials: \$
Flavors: r-devel-linux-x86_64-debian-clang, r-devel-linux-x86_64-debian-gcc, r-devel-linux-x86_64-fedora-clang, r-devel-linux-x86_64-fedora-gcc, r-prerel-macos-arm64, r-prerel-windows-x86_64, r-patched-linux-x86_64, r-release-linux-x86_64, r-release-macos-arm64, r-release-macos-x86_64, r-release-windows-x86_64
Version: 0.4.2
Check: dependencies in R code
Result: NOTE
Namespace in Imports field not imported from: ‘ape’
All declared Imports should be used.
Flavors: r-devel-linux-x86_64-fedora-clang, r-devel-linux-x86_64-fedora-gcc, r-oldrel-macos-arm64