Last updated on 2024-03-12 07:50:01 CET.
Flavor | Version | Tinstall | Tcheck | Ttotal | Status | Flags |
---|---|---|---|---|---|---|
r-devel-linux-x86_64-debian-clang | 1.0.3 | 3.42 | 32.86 | 36.28 | NOTE | |
r-devel-linux-x86_64-debian-gcc | 1.0.3 | 2.36 | 26.74 | 29.10 | NOTE | |
r-devel-linux-x86_64-fedora-clang | 1.0.3 | 47.27 | NOTE | |||
r-devel-linux-x86_64-fedora-gcc | 1.0.3 | 57.02 | NOTE | |||
r-devel-windows-x86_64 | 1.0.3 | 3.00 | 48.00 | 51.00 | NOTE | |
r-patched-linux-x86_64 | 1.0.3 | 3.31 | 32.27 | 35.58 | OK | |
r-release-linux-x86_64 | 1.0.3 | 3.32 | 32.18 | 35.50 | OK | |
r-release-macos-arm64 | 1.0.3 | 27.00 | OK | |||
r-release-macos-x86_64 | 1.0.3 | 36.00 | OK | |||
r-release-windows-x86_64 | 1.0.3 | 5.00 | 49.00 | 54.00 | OK | |
r-oldrel-macos-arm64 | 1.0.3 | 22.00 | OK | |||
r-oldrel-windows-x86_64 | 1.0.3 | 5.00 | 52.00 | 57.00 | OK |
Version: 1.0.3
Check: package vignettes
Result: NOTE
Package vignette with \VignetteEngine{} not specifying an engine package:
‘pacviz.Rmd’
Engines should be specified as \VignetteEngine{PKG::ENG}.
Flavors: r-devel-linux-x86_64-debian-clang, r-devel-linux-x86_64-debian-gcc, r-devel-linux-x86_64-fedora-clang, r-devel-linux-x86_64-fedora-gcc, r-devel-windows-x86_64
Version: 1.0.3
Check: dependencies in R code
Result: NOTE
Namespace in Imports field not imported from: ‘e1071’
All declared Imports should be used.
Flavors: r-devel-linux-x86_64-fedora-clang, r-devel-linux-x86_64-fedora-gcc