CRAN Package Check Results for Package padr

Last updated on 2021-05-11 08:48:22 CEST.

Flavor Version Tinstall Tcheck Ttotal Status Flags
r-devel-linux-x86_64-debian-clang 0.5.3 44.97 72.83 117.80 OK
r-devel-linux-x86_64-debian-gcc 0.5.3 24.38 55.30 79.68 OK
r-devel-linux-x86_64-fedora-clang 0.5.3 159.06 OK
r-devel-linux-x86_64-fedora-gcc 0.5.3 136.46 OK
r-devel-windows-ix86+x86_64 0.5.3 68.00 135.00 203.00 NOTE
r-devel-windows-x86_64-gcc10-UCRT 0.5.3 OK
r-patched-linux-x86_64 0.5.3 35.62 71.27 106.89 OK
r-patched-solaris-x86 0.5.3 165.00 OK
r-release-linux-x86_64 0.5.3 29.89 70.14 100.03 OK
r-release-macos-x86_64 0.5.3 OK
r-release-windows-ix86+x86_64 0.5.3 71.00 107.00 178.00 NOTE
r-oldrel-macos-x86_64 0.5.3 OK
r-oldrel-windows-ix86+x86_64 0.5.3 86.00 137.00 223.00 OK

Check Details

Version: 0.5.3
Check: installed package size
Result: NOTE
     installed size is 5.2Mb
     sub-directories of 1Mb or more:
     data 1.7Mb
     doc 1.3Mb
     libs 2.0Mb
Flavors: r-devel-windows-ix86+x86_64, r-release-windows-ix86+x86_64