Last updated on 2024-04-23 08:58:10 CEST.
Flavor | Version | Tinstall | Tcheck | Ttotal | Status | Flags |
---|---|---|---|---|---|---|
r-devel-linux-x86_64-debian-clang | 1.0 | 3.60 | 39.54 | 43.14 | NOTE | |
r-devel-linux-x86_64-debian-gcc | 1.0 | 3.06 | 30.22 | 33.28 | NOTE | |
r-devel-linux-x86_64-fedora-clang | 1.0 | 54.71 | NOTE | |||
r-devel-linux-x86_64-fedora-gcc | 1.0 | 64.31 | NOTE | |||
r-prerel-macos-arm64 | 1.0 | 27.00 | NOTE | |||
r-prerel-windows-x86_64 | 1.0 | 5.00 | 53.00 | 58.00 | NOTE | |
r-patched-linux-x86_64 | 1.0 | 3.37 | 38.42 | 41.79 | NOTE | |
r-release-linux-x86_64 | 1.0 | 3.19 | 35.99 | 39.18 | NOTE | |
r-release-macos-arm64 | 1.0 | 27.00 | NOTE | |||
r-release-macos-x86_64 | 1.0 | 41.00 | NOTE | |||
r-release-windows-x86_64 | 1.0 | 6.00 | 56.00 | 62.00 | NOTE | |
r-oldrel-macos-arm64 | 1.0 | 18.00 | NOTE | |||
r-oldrel-windows-x86_64 | 1.0 | 6.00 | 59.00 | 65.00 | NOTE |
Version: 1.0
Check: LazyData
Result: NOTE
'LazyData' is specified without a 'data' directory
Flavors: r-devel-linux-x86_64-debian-clang, r-devel-linux-x86_64-debian-gcc, r-devel-linux-x86_64-fedora-clang, r-devel-linux-x86_64-fedora-gcc, r-prerel-macos-arm64, r-prerel-windows-x86_64, r-patched-linux-x86_64, r-release-linux-x86_64, r-release-macos-arm64, r-release-macos-x86_64, r-release-windows-x86_64, r-oldrel-macos-arm64, r-oldrel-windows-x86_64