CRAN Package Check Results for Package pafr

Last updated on 2024-04-24 07:57:48 CEST.

Flavor Version Tinstall Tcheck Ttotal Status Flags
r-devel-linux-x86_64-debian-clang 0.0.2 6.16 98.60 104.76 NOTE
r-devel-linux-x86_64-debian-gcc 0.0.2 5.22 72.74 77.96 NOTE
r-devel-linux-x86_64-fedora-clang 0.0.2 130.60 NOTE
r-devel-linux-x86_64-fedora-gcc 0.0.2 142.43 NOTE
r-prerel-macos-arm64 0.0.2 38.00 NOTE
r-prerel-windows-x86_64 0.0.2 7.00 83.00 90.00 NOTE
r-patched-linux-x86_64 0.0.2 10.25 95.97 106.22 NOTE
r-release-linux-x86_64 0.0.2 6.90 94.65 101.55 NOTE
r-release-macos-arm64 0.0.2 46.00 NOTE
r-release-macos-x86_64 0.0.2 72.00 NOTE
r-release-windows-x86_64 0.0.2 9.00 101.00 110.00 NOTE
r-oldrel-macos-arm64 0.0.2 34.00 NOTE
r-oldrel-windows-x86_64 0.0.2 8.00 100.00 108.00 NOTE

Check Details

Version: 0.0.2
Check: LazyData
Result: NOTE 'LazyData' is specified without a 'data' directory Flavors: r-devel-linux-x86_64-debian-clang, r-devel-linux-x86_64-debian-gcc, r-devel-linux-x86_64-fedora-clang, r-devel-linux-x86_64-fedora-gcc, r-prerel-macos-arm64, r-prerel-windows-x86_64, r-patched-linux-x86_64, r-release-linux-x86_64, r-release-macos-arm64, r-release-macos-x86_64, r-release-windows-x86_64, r-oldrel-macos-arm64, r-oldrel-windows-x86_64