Last updated on 2024-04-19 08:54:49 CEST.
Flavor | Version | Tinstall | Tcheck | Ttotal | Status | Flags |
---|---|---|---|---|---|---|
r-devel-linux-x86_64-debian-clang | 0.0.9 | 8.96 | 77.40 | 86.36 | NOTE | |
r-devel-linux-x86_64-debian-gcc | 0.0.9 | NOTE | ||||
r-devel-linux-x86_64-fedora-clang | 0.0.9 | 109.80 | NOTE | |||
r-devel-linux-x86_64-fedora-gcc | 0.0.9 | 120.50 | NOTE | |||
r-prerel-macos-arm64 | 0.0.9 | 42.00 | NOTE | |||
r-prerel-macos-x86_64 | 0.0.9 | 84.00 | NOTE | |||
r-prerel-windows-x86_64 | 0.0.9 | 7.00 | 74.00 | 81.00 | NOTE | |
r-patched-linux-x86_64 | 0.0.9 | 8.22 | 73.61 | 81.83 | NOTE | |
r-release-linux-x86_64 | 0.0.9 | 6.96 | 74.48 | 81.44 | NOTE | |
r-release-macos-arm64 | 0.0.9 | 47.00 | NOTE | |||
r-release-macos-x86_64 | 0.0.9 | 82.00 | NOTE | |||
r-release-windows-x86_64 | 0.0.9 | 10.00 | 87.00 | 97.00 | NOTE | |
r-oldrel-macos-arm64 | 0.0.9 | 41.00 | NOTE | |||
r-oldrel-windows-x86_64 | 0.0.9 | 10.00 | 82.00 | 92.00 | NOTE |
Version: 0.0.9
Check: package dependencies
Result: NOTE
Package which this enhances but not available for checking: ‘CorShrink’
Flavors: r-devel-linux-x86_64-debian-clang, r-devel-linux-x86_64-debian-gcc, r-devel-linux-x86_64-fedora-clang, r-devel-linux-x86_64-fedora-gcc, r-prerel-macos-arm64, r-prerel-macos-x86_64, r-prerel-windows-x86_64, r-patched-linux-x86_64, r-release-linux-x86_64, r-release-macos-arm64, r-release-macos-x86_64, r-release-windows-x86_64, r-oldrel-macos-arm64, r-oldrel-windows-x86_64