CRAN Package Check Results for Package paleoTS

Last updated on 2021-05-18 08:48:21 CEST.

Flavor Version Tinstall Tcheck Ttotal Status Flags
r-devel-linux-x86_64-debian-clang 0.5.2 6.08 58.99 65.07 OK
r-devel-linux-x86_64-debian-gcc 0.5.2 5.13 42.62 47.75 OK
r-devel-linux-x86_64-fedora-clang 0.5.2 82.76 NOTE
r-devel-linux-x86_64-fedora-gcc 0.5.2 73.87 NOTE
r-devel-windows-ix86+x86_64 0.5.2 12.00 56.00 68.00 OK
r-devel-windows-x86_64-gcc10-UCRT 0.5.2 NOTE
r-patched-linux-x86_64 0.5.2 9.57 55.33 64.90 OK
r-patched-solaris-x86 0.5.2 97.20 NOTE
r-release-linux-x86_64 0.5.2 5.62 53.43 59.05 OK
r-release-macos-x86_64 0.5.2 NOTE
r-release-windows-ix86+x86_64 0.5.2 8.00 57.00 65.00 OK
r-oldrel-macos-x86_64 0.5.2 NOTE
r-oldrel-windows-ix86+x86_64 0.5.2 7.00 54.00 61.00 OK

Check Details

Version: 0.5.2
Check: dependencies in R code
Result: NOTE
    Namespace in Imports field not imported from: ‘iterators’
     All declared Imports should be used.
Flavors: r-devel-linux-x86_64-fedora-clang, r-devel-linux-x86_64-fedora-gcc, r-devel-windows-x86_64-gcc10-UCRT, r-patched-solaris-x86, r-release-macos-x86_64, r-oldrel-macos-x86_64