CRAN Package Check Results for Package pammtools

Last updated on 2021-08-01 08:52:45 CEST.

Flavor Version Tinstall Tcheck Ttotal Status Flags
r-devel-linux-x86_64-debian-clang 0.5.7 14.73 162.00 176.73 OK
r-devel-linux-x86_64-debian-gcc 0.5.7 11.32 122.25 133.57 OK
r-devel-linux-x86_64-fedora-clang 0.5.7 219.74 OK
r-devel-linux-x86_64-fedora-gcc 0.5.7 205.03 OK
r-devel-windows-x86_64 0.5.7 47.00 190.00 237.00 OK
r-devel-windows-x86_64-gcc10-UCRT 0.5.7 OK
r-patched-linux-x86_64 0.5.7 OK
r-patched-solaris-x86 0.5.7 308.90 OK
r-release-linux-x86_64 0.5.7 13.39 153.87 167.26 OK
r-release-macos-arm64 0.5.7 ERROR
r-release-macos-x86_64 0.5.7 OK
r-release-windows-ix86+x86_64 0.5.7 34.00 133.00 167.00 OK
r-oldrel-macos-x86_64 0.5.7 OK
r-oldrel-windows-ix86+x86_64 0.5.7 25.00 192.00 217.00 OK

Check Details

Version: 0.5.7
Check: examples
Result: ERROR
    Running examples in ‘pammtools-Ex.R’ failed
    The error most likely occurred in:
    
    > ### Name: gg_tensor
    > ### Title: Plot tensor product effects
    > ### Aliases: gg_tensor
    >
    > ### ** Examples
    >
    > g <- mgcv::gam(Sepal.Length ~ te(Sepal.Width, Petal.Length), data=iris)
    > gg_tensor(g)
    Warning in graphics::mtext(sprintf("help(\"%s\")", nameEx()), side = 4, :
     no font could be found for family "Arial"
    Warning in graphics::mtext(sprintf("help(\"%s\")", nameEx()), side = 4, :
     no font could be found for family "Arial"
    Warning in graphics::mtext(sprintf("help(\"%s\")", nameEx()), side = 4, :
     no font could be found for family "Arial"
    Warning in title(...) : no font could be found for family "Arial"
    Warning in title(...) : no font could be found for family "Arial"
    Warning in title(...) : no font could be found for family "Arial"
    Warning in title(...) : no font could be found for family "Arial"
    Warning in title(...) : no font could be found for family "Arial"
    Warning in title(...) : no font could be found for family "Arial"
    Warning in title(...) : no font could be found for family "Arial"
    Warning in title(...) : no font could be found for family "Arial"
    Warning in axis(side = side, at = at, labels = labels, ...) :
     no font could be found for family "Arial"
    Warning in axis(side = side, at = at, labels = labels, ...) :
     no font could be found for family "Arial"
    Warning in axis(side = side, at = at, labels = labels, ...) :
     no font could be found for family "Arial"
    Warning in axis(side = side, at = at, labels = labels, ...) :
     no font could be found for family "Arial"
    Warning in axis(side = side, at = at, labels = labels, ...) :
     no font could be found for family "Arial"
    Warning in axis(side = side, at = at, labels = labels, ...) :
     no font could be found for family "Arial"
    Warning in axis(side = side, at = at, labels = labels, ...) :
     no font could be found for family "Arial"
    Warning in axis(side = side, at = at, labels = labels, ...) :
     no font could be found for family "Arial"
    Warning in axis(side = side, at = at, labels = labels, ...) :
     no font could be found for family "Arial"
    Warning in axis(side = side, at = at, labels = labels, ...) :
     no font could be found for family "Arial"
    Warning in axis(side = side, at = at, labels = labels, ...) :
     no font could be found for family "Arial"
    Warning in axis(side = side, at = at, labels = labels, ...) :
     no font could be found for family "Arial"
    Warning in axis(side = side, at = at, labels = labels, ...) :
     no font could be found for family "Arial"
    Warning in axis(side = side, at = at, labels = labels, ...) :
     no font could be found for family "Arial"
    Warning in axis(side = side, at = at, labels = labels, ...) :
     no font could be found for family "Arial"
    Warning in axis(side = side, at = at, labels = labels, ...) :
     no font could be found for family "Arial"
    Warning in axis(side = side, at = at, labels = labels, ...) :
     no font could be found for family "Arial"
    Warning in axis(side = side, at = at, labels = labels, ...) :
     no font could be found for family "Arial"
    Warning in axis(side = side, at = at, labels = labels, ...) :
     no font could be found for family "Arial"
    Warning in axis(side = side, at = at, labels = labels, ...) :
     no font could be found for family "Arial"
    Warning in axis(side = side, at = at, labels = labels, ...) :
     no font could be found for family "Arial"
    Warning in axis(side = side, at = at, labels = labels, ...) :
     no font could be found for family "Arial"
    Warning in axis(side = side, at = at, labels = labels, ...) :
     no font could be found for family "Arial"
    Warning in axis(side = side, at = at, labels = labels, ...) :
     no font could be found for family "Arial"
    Warning in axis(side = side, at = at, labels = labels, ...) :
     no font could be found for family "Arial"
    Warning in axis(side = side, at = at, labels = labels, ...) :
     no font could be found for family "Arial"
    Warning in axis(side = side, at = at, labels = labels, ...) :
     no font could be found for family "Arial"
    Warning in axis(side = side, at = at, labels = labels, ...) :
     no font could be found for family "Arial"
    Warning in axis(side = side, at = at, labels = labels, ...) :
     no font could be found for family "Arial"
    Warning in axis(side = side, at = at, labels = labels, ...) :
     no font could be found for family "Arial"
    Warning in axis(side = side, at = at, labels = labels, ...) :
     no font could be found for family "Arial"
    Warning in axis(side = side, at = at, labels = labels, ...) :
     no font could be found for family "Arial"
    Warning in axis(side = side, at = at, labels = labels, ...) :
     no font could be found for family "Arial"
    Warning in axis(side = side, at = at, labels = labels, ...) :
     no font could be found for family "Arial"
    Warning in axis(side = side, at = at, labels = labels, ...) :
     no font could be found for family "Arial"
    Warning in axis(side = side, at = at, labels = labels, ...) :
     no font could be found for family "Arial"
    Warning in axis(side = side, at = at, labels = labels, ...) :
     no font could be found for family "Arial"
    Warning in axis(side = side, at = at, labels = labels, ...) :
     no font could be found for family "Arial"
    Warning: Removed 647 rows containing non-finite values (stat_contour).
    > gg_tensor(g, ci=TRUE)
    Warning in graphics::mtext(sprintf("help(\"%s\")", nameEx()), side = 4, :
     no font could be found for family "Arial"
    Warning in graphics::mtext(sprintf("help(\"%s\")", nameEx()), side = 4, :
     no font could be found for family "Arial"
    Warning in graphics::mtext(sprintf("help(\"%s\")", nameEx()), side = 4, :
     no font could be found for family "Arial"
    Warning in strheight(zlab) : no font could be found for family "Arial"
    Warning in strwidth(zlab) : no font could be found for family "Arial"
    Warning in text.default(xpos + xr/10, ypos, zlab, xpd = TRUE, pos = 4, cex = cs * :
     no font could be found for family "Arial"
    Warning in text.default(xpos + xr/10, ypos, zlab, xpd = TRUE, pos = 4, cex = cs * :
     no font could be found for family "Arial"
    Error in axis(1, cex.axis = cs * cma) :
     invalid value specified for graphical parameter "cex.axis"
    Calls: gg_tensor ... plot.gam -> plot -> plot.mgcv.smooth -> sp.contour -> axis
    Execution halted
Flavor: r-release-macos-arm64