Last updated on 2024-03-12 07:50:01 CET.
Flavor | Version | Tinstall | Tcheck | Ttotal | Status | Flags |
---|---|---|---|---|---|---|
r-devel-linux-x86_64-debian-clang | 1.9 | 8.75 | 36.98 | 45.73 | WARN | |
r-devel-linux-x86_64-debian-gcc | 1.9 | 5.43 | 29.39 | 34.82 | OK | |
r-devel-linux-x86_64-fedora-clang | 1.9 | 61.84 | OK | |||
r-devel-linux-x86_64-fedora-gcc | 1.9 | 67.80 | OK | |||
r-devel-windows-x86_64 | 1.9 | 9.00 | 67.00 | 76.00 | OK | |
r-patched-linux-x86_64 | 1.9 | 6.88 | 36.06 | 42.94 | OK | |
r-release-linux-x86_64 | 1.9 | 7.42 | 36.43 | 43.85 | OK | |
r-release-macos-arm64 | 1.9 | 42.00 | OK | |||
r-release-macos-x86_64 | 1.9 | 114.00 | OK | |||
r-release-windows-x86_64 | 1.9 | 10.00 | 65.00 | 75.00 | OK | |
r-oldrel-macos-arm64 | 1.9 | 31.00 | OK | |||
r-oldrel-windows-x86_64 | 1.9 | 10.00 | 71.00 | 81.00 | OK |
Version: 1.9
Check: whether package can be installed
Result: WARN
Found the following significant warnings:
flang-new: warning: argument unused during compilation: '-Wall' [-Wunused-command-line-argument]
See ‘/home/hornik/tmp/R.check/r-devel-clang/Work/PKGS/pan.Rcheck/00install.out’ for details.
* used C compiler: ‘Debian clang version 18.1.0 (rc4-1)’
* used Fortran compiler: ‘Debian flang-new version 18.1.0 (rc4-1)’
Flavor: r-devel-linux-x86_64-debian-clang