Last updated on 2024-04-19 08:54:49 CEST.
Flavor | Version | Tinstall | Tcheck | Ttotal | Status | Flags |
---|---|---|---|---|---|---|
r-devel-linux-x86_64-debian-clang | 0.6.5 | 38.16 | 95.33 | 133.49 | NOTE | |
r-devel-linux-x86_64-debian-gcc | 0.6.5 | NOTE | ||||
r-devel-linux-x86_64-fedora-clang | 0.6.5 | 181.28 | NOTE | |||
r-devel-linux-x86_64-fedora-gcc | 0.6.5 | 195.36 | NOTE | |||
r-prerel-macos-arm64 | 0.6.5 | 58.00 | NOTE | |||
r-prerel-windows-x86_64 | 0.6.5 | 34.00 | 121.00 | 155.00 | NOTE | |
r-patched-linux-x86_64 | 0.6.5 | 36.69 | 92.34 | 129.03 | NOTE | |
r-release-linux-x86_64 | 0.6.5 | 37.12 | 91.56 | 128.68 | OK | |
r-release-macos-arm64 | 0.6.5 | 60.00 | OK | |||
r-release-macos-x86_64 | 0.6.5 | 93.00 | OK | |||
r-release-windows-x86_64 | 0.6.5 | 34.00 | 141.00 | 175.00 | OK | |
r-oldrel-macos-arm64 | 0.6.5 | 53.00 | OK | |||
r-oldrel-windows-x86_64 | 0.6.5 | 41.00 | 124.00 | 165.00 | OK |
Version: 0.6.5
Check: Rd files
Result: NOTE
checkRd: (-1) Pandoc.convert.Rd:42: Lost braces
42 | Calling John MacFarlane's great program to convert specified file (see \code{f} parameter below) or character vector {see \code{text} paramater} to other formats like \code{HTML}, \code{pdf}, \code{docx}, \code{odt} etc.
| ^
Flavors: r-devel-linux-x86_64-debian-clang, r-devel-linux-x86_64-debian-gcc, r-devel-linux-x86_64-fedora-clang, r-devel-linux-x86_64-fedora-gcc, r-prerel-macos-arm64, r-prerel-windows-x86_64, r-patched-linux-x86_64