Last updated on 2024-03-12 07:50:01 CET.
Flavor | Version | Tinstall | Tcheck | Ttotal | Status | Flags |
---|---|---|---|---|---|---|
r-devel-linux-x86_64-debian-clang | 1.5.1 | 4.10 | 61.24 | 65.34 | OK | |
r-devel-linux-x86_64-debian-gcc | 1.5.1 | 3.05 | 48.76 | 51.81 | OK | |
r-devel-linux-x86_64-fedora-clang | 1.5.1 | 80.39 | OK | |||
r-devel-linux-x86_64-fedora-gcc | 1.5.1 | 76.32 | OK | |||
r-devel-windows-x86_64 | 1.5.1 | 4.00 | 75.00 | 79.00 | OK | |
r-patched-linux-x86_64 | 1.5.1 | 4.03 | 60.51 | 64.54 | OK | |
r-release-linux-x86_64 | 1.5.1 | 3.76 | 60.84 | 64.60 | OK | |
r-release-macos-arm64 | 1.5.1 | 33.00 | NOTE | |||
r-release-macos-x86_64 | 1.5.1 | 49.00 | NOTE | |||
r-release-windows-x86_64 | 1.5.1 | 5.00 | 85.00 | 90.00 | OK | |
r-oldrel-macos-arm64 | 1.5.1 | 33.00 | NOTE | |||
r-oldrel-windows-x86_64 | 1.5.1 | 5.00 | 89.00 | 94.00 | OK |
Version: 1.5.1
Check: package dependencies
Result: NOTE
Package suggested but not available for checking: ‘Rmpi’
Flavors: r-release-macos-arm64, r-release-macos-x86_64, r-oldrel-macos-arm64