CRAN Package Check Results for Package partition

Last updated on 2021-04-17 08:47:41 CEST.

Flavor Version Tinstall Tcheck Ttotal Status Flags
r-devel-linux-x86_64-debian-clang 0.1.3 109.47 295.51 404.98 OK
r-devel-linux-x86_64-debian-gcc 0.1.3 72.52 205.19 277.71 OK
r-devel-linux-x86_64-fedora-clang 0.1.3 520.13 NOTE
r-devel-linux-x86_64-fedora-gcc 0.1.3 492.89 OK
r-devel-windows-ix86+x86_64 0.1.3 255.00 363.00 618.00 OK
r-devel-windows-x86_64-gcc10-UCRT 0.1.3 OK
r-patched-linux-x86_64 0.1.3 85.34 276.71 362.05 OK
r-patched-solaris-x86 0.1.3 635.10 OK
r-release-linux-x86_64 0.1.3 86.67 281.61 368.28 OK
r-release-macos-x86_64 0.1.3 NOTE
r-release-windows-ix86+x86_64 0.1.3 257.00 446.00 703.00 OK
r-oldrel-macos-x86_64 0.1.3 NOTE
r-oldrel-windows-ix86+x86_64 0.1.3 163.00 374.00 537.00 OK

Check Details

Version: 0.1.3
Check: installed package size
Result: NOTE
     installed size is 7.0Mb
     sub-directories of 1Mb or more:
     doc 1.2Mb
     libs 4.6Mb
Flavors: r-devel-linux-x86_64-fedora-clang, r-release-macos-x86_64, r-oldrel-macos-x86_64