Last updated on 2024-04-20 08:51:04 CEST.
Flavor | Version | Tinstall | Tcheck | Ttotal | Status | Flags |
---|---|---|---|---|---|---|
r-devel-linux-x86_64-debian-clang | 0.2.0 | 3.05 | 38.72 | 41.77 | NOTE | |
r-devel-linux-x86_64-debian-gcc | 0.2.0 | 2.35 | 30.37 | 32.72 | NOTE | |
r-devel-linux-x86_64-fedora-clang | 0.2.0 | 54.26 | NOTE | |||
r-devel-linux-x86_64-fedora-gcc | 0.2.0 | 64.27 | NOTE | |||
r-prerel-macos-arm64 | 0.2.0 | 28.00 | NOTE | |||
r-prerel-windows-x86_64 | 0.2.0 | 4.00 | 54.00 | 58.00 | NOTE | |
r-patched-linux-x86_64 | 0.2.0 | 2.63 | 37.47 | 40.10 | NOTE | |
r-release-linux-x86_64 | 0.2.0 | 2.40 | 37.08 | 39.48 | NOTE | |
r-release-macos-arm64 | 0.2.0 | 28.00 | NOTE | |||
r-release-macos-x86_64 | 0.2.0 | 40.00 | NOTE | |||
r-release-windows-x86_64 | 0.2.0 | 4.00 | 57.00 | 61.00 | NOTE | |
r-oldrel-macos-arm64 | 0.2.0 | 23.00 | NOTE | |||
r-oldrel-windows-x86_64 | 0.2.0 | 5.00 | 59.00 | 64.00 | NOTE |
Version: 0.2.0
Check: Rd files
Result: NOTE
checkRd: (-1) as_config.Rd:32: Lost braces; missing escapes or markup?
32 | with `{config}` package, which requires existence of default key.
| ^
checkRd: (-1) as_config.Rd:28: Lost braces; missing escapes or markup?
28 | list compatible with `{config}` package
| ^
Flavors: r-devel-linux-x86_64-debian-clang, r-devel-linux-x86_64-debian-gcc, r-devel-linux-x86_64-fedora-clang, r-devel-linux-x86_64-fedora-gcc, r-prerel-macos-arm64, r-prerel-windows-x86_64, r-patched-linux-x86_64
Version: 0.2.0
Check: LazyData
Result: NOTE
'LazyData' is specified without a 'data' directory
Flavors: r-devel-linux-x86_64-debian-clang, r-devel-linux-x86_64-debian-gcc, r-devel-linux-x86_64-fedora-clang, r-devel-linux-x86_64-fedora-gcc, r-prerel-macos-arm64, r-prerel-windows-x86_64, r-patched-linux-x86_64, r-release-linux-x86_64, r-release-macos-arm64, r-release-macos-x86_64, r-release-windows-x86_64, r-oldrel-macos-arm64, r-oldrel-windows-x86_64
Version: 0.2.0
Check: dependencies in R code
Result: NOTE
Namespace in Imports field not imported from: ‘logger’
All declared Imports should be used.
Flavors: r-devel-linux-x86_64-fedora-clang, r-devel-linux-x86_64-fedora-gcc