CRAN Package Check Results for Package paths

Last updated on 2021-07-26 09:54:15 CEST.

Flavor Version Tinstall Tcheck Ttotal Status Flags
r-devel-linux-x86_64-debian-clang 0.1.1 0.44 2.62 3.06 ERROR
r-devel-linux-x86_64-debian-gcc 0.1.1 0.35 2.02 2.37 ERROR
r-devel-linux-x86_64-fedora-clang 0.1.1 11.93 ERROR
r-devel-linux-x86_64-fedora-gcc 0.1.1 2.54 ERROR
r-devel-windows-x86_64 0.1.1 19.00 141.00 160.00 OK
r-devel-windows-x86_64-gcc10-UCRT 0.1.1 OK
r-patched-linux-x86_64 0.1.1 14.17 108.40 122.57 OK
r-patched-solaris-x86 0.1.1 223.20 OK
r-release-linux-x86_64 0.1.1 10.66 108.75 119.41 OK
r-release-macos-arm64 0.1.1 OK
r-release-macos-x86_64 0.1.1 OK
r-release-windows-ix86+x86_64 0.1.1 29.00 102.00 131.00 OK
r-oldrel-macos-x86_64 0.1.1 OK
r-oldrel-windows-ix86+x86_64 0.1.1 20.00 135.00 155.00 OK

Check Details

Version: 0.1.1
Check: package dependencies
Result: ERROR
    Package required but not available: 'pryr'
    
    See section 'The DESCRIPTION file' in the 'Writing R Extensions'
    manual.
Flavors: r-devel-linux-x86_64-debian-clang, r-devel-linux-x86_64-debian-gcc, r-devel-linux-x86_64-fedora-clang, r-devel-linux-x86_64-fedora-gcc