CRAN Package Check Results for Package pavo

Last updated on 2021-07-30 08:50:15 CEST.

Flavor Version Tinstall Tcheck Ttotal Status Flags
r-devel-linux-x86_64-debian-clang 2.7.0 OK
r-devel-linux-x86_64-debian-gcc 2.7.0 13.79 144.17 157.96 OK
r-devel-linux-x86_64-fedora-clang 2.7.0 274.53 NOTE
r-devel-linux-x86_64-fedora-gcc 2.7.0 264.35 OK
r-devel-windows-x86_64 2.7.0 16.00 212.00 228.00 OK
r-devel-windows-x86_64-gcc10-UCRT 2.7.0 OK
r-patched-linux-x86_64 2.7.0 OK
r-patched-solaris-x86 2.7.0 348.50 OK
r-release-linux-x86_64 2.7.0 17.78 193.02 210.80 OK
r-release-macos-arm64 2.7.0 OK
r-release-macos-x86_64 2.7.0 OK
r-release-windows-ix86+x86_64 2.7.0 25.00 211.00 236.00 OK
r-oldrel-macos-x86_64 2.7.0 OK
r-oldrel-windows-ix86+x86_64 2.7.0 22.00 221.00 243.00 OK

Check Details

Version: 2.7.0
Check: Rd cross-references
Result: NOTE
    Undeclared package ‘future’ in Rd xrefs
Flavor: r-devel-linux-x86_64-fedora-clang